{"id":148260,"date":"2026-04-08T11:28:00","date_gmt":"2026-04-08T09:28:00","guid":{"rendered":"https:\/\/konsum.ch\/?page_id=148260"},"modified":"2026-04-27T14:06:28","modified_gmt":"2026-04-27T12:06:28","slug":"ufficio-del-mediatore-per-le-piattaforme-di-mobilita","status":"publish","type":"page","link":"https:\/\/konsum.ch\/it\/ufficio-del-mediatore-per-le-piattaforme-di-mobilita\/","title":{"rendered":"Ufficio del mediatore per le piattaforme di mobilit\u00e0"},"content":{"rendered":"<h3>\n<div role=\"navigation\" aria-label=\"Selettore lingua\" class=\"wpml-ls-statics-shortcode_actions wpml-ls wpml-ls-legacy-list-horizontal\">\n\t<ul><li class=\"wpml-ls-slot-shortcode_actions wpml-ls-item wpml-ls-item-de wpml-ls-first-item wpml-ls-item-legacy-list-horizontal\">\n\t\t\t\t<a href=\"https:\/\/konsum.ch\/de\/\" hreflang=\"de\" lang=\"de\" class=\"wpml-ls-link\" aria-label=\"Passa a DE\" title=\"Passa a DE\">\n\t\t\t\t\t                                    <img decoding=\"async\"\n            class=\"wpml-ls-flag\"\n            src=\"https:\/\/konsum.ch\/wp-content\/uploads\/flags\/schweiz.png\"\n            alt=\"\"\n            loading=\"lazy\"\n            width=18\n            height=12\n    \/><span class=\"wpml-ls-native\">DE<\/span><\/a>\n\t\t\t<\/li><li class=\"wpml-ls-slot-shortcode_actions wpml-ls-item wpml-ls-item-fr wpml-ls-item-legacy-list-horizontal\">\n\t\t\t\t<a href=\"https:\/\/konsum.ch\/fr\/\" hreflang=\"fr\" lang=\"fr\" class=\"wpml-ls-link\" aria-label=\"Passa a FR\" title=\"Passa a FR\">\n\t\t\t\t\t                                    <img decoding=\"async\"\n            class=\"wpml-ls-flag\"\n            src=\"https:\/\/konsum.ch\/wp-content\/plugins\/sitepress-multilingual-cms\/res\/flags\/fr.svg\"\n            alt=\"\"\n            loading=\"lazy\"\n            width=18\n            height=12\n    \/><span class=\"wpml-ls-native\">FR<\/span><\/a>\n\t\t\t<\/li><li class=\"wpml-ls-slot-shortcode_actions wpml-ls-item wpml-ls-item-it wpml-ls-current-language wpml-ls-item-legacy-list-horizontal\">\n\t\t\t\t<a href=\"https:\/\/konsum.ch\/it\/\" hreflang=\"it\" lang=\"it\" class=\"wpml-ls-link\" aria-current=\"page\" aria-label=\"Passa a IT\" title=\"Passa a IT\">\n\t\t\t\t\t                                    <img decoding=\"async\"\n            class=\"wpml-ls-flag\"\n            src=\"https:\/\/konsum.ch\/wp-content\/plugins\/sitepress-multilingual-cms\/res\/flags\/it.svg\"\n            alt=\"\"\n            loading=\"lazy\"\n            width=18\n            height=12\n    \/><span class=\"wpml-ls-native\">IT<\/span><\/a>\n\t\t\t<\/li><li class=\"wpml-ls-slot-shortcode_actions wpml-ls-item wpml-ls-item-en wpml-ls-last-item wpml-ls-item-legacy-list-horizontal\">\n\t\t\t\t<a href=\"https:\/\/konsum.ch\/en\/\" hreflang=\"en\" lang=\"en\" class=\"wpml-ls-link\" aria-label=\"Passa a EN\" title=\"Passa a EN\">\n\t\t\t\t\t                                    <img decoding=\"async\"\n            class=\"wpml-ls-flag\"\n            src=\"https:\/\/konsum.ch\/wp-content\/plugins\/sitepress-multilingual-cms\/res\/flags\/en.svg\"\n            alt=\"\"\n            loading=\"lazy\"\n            width=18\n            height=12\n    \/><span class=\"wpml-ls-native\">EN<\/span><\/a>\n\t\t\t<\/li><\/ul>\n<\/div>\n<\/h3>\n<h2>Ufficio del mediatore per le piattaforme di mobilit\u00e0<\/h2>\n<p>L&#8217;ufficio del difensore civico per le piattaforme di mobilit\u00e0 gestisce i casi di reclamo e consulenza per i mercati online AutoScout24 e MotoScout24. In qualit\u00e0 di organo arbitrale indipendente, l&#8217;ombudsman fa da mediatore tra i fornitori di piattaforme e i consumatori. Riceve i loro reclami e cerca soluzioni consensuali e soddisfacenti. L&#8217;ufficio di mediazione \u00e8 supportato da SMG Swiss Marketplace Group.<\/p>\n<p>I dipendenti dell&#8217;ufficio del difensore civico agiscono come un organo arbitrale neutrale e indipendente e mediano tra i clienti e le piattaforme di mobilit\u00e0 coinvolte.<\/p>\n","protected":false},"excerpt":{"rendered":"<p>Ufficio del mediatore per le piattaforme di mobilit\u00e0 L&#8217;ufficio del difensore civico per le piattaforme di mobilit\u00e0 gestisce i casi di reclamo e consulenza per i mercati online AutoScout24 e MotoScout24. In qualit\u00e0 di organo arbitrale indipendente, l&#8217;ombudsman fa da mediatore tra i fornitori di piattaforme e i consumatori. Riceve i loro reclami e cerca [&hellip;]<\/p>\n","protected":false},"author":16,"featured_media":0,"parent":0,"menu_order":0,"comment_status":"closed","ping_status":"closed","template":"","meta":{"_acf_changed":false,"footnotes":""},"class_list":["post-148260","page","type-page","status-publish","hentry"],"acf":[],"yoast_head":"<!-- This site is optimized with the Yoast SEO plugin v27.5 - https:\/\/yoast.com\/product\/yoast-seo-wordpress\/ -->\n<title>Ufficio del mediatore per le piattaforme di mobilit\u00e0 &#8211; Konsumentenforum<\/title>\n<meta name=\"robots\" content=\"index, follow, max-snippet:-1, max-image-preview:large, max-video-preview:-1\" \/>\n<link rel=\"canonical\" href=\"https:\/\/konsum.ch\/it\/ufficio-del-mediatore-per-le-piattaforme-di-mobilita\/\" \/>\n<meta property=\"og:locale\" content=\"it_IT\" \/>\n<meta property=\"og:type\" content=\"article\" \/>\n<meta property=\"og:title\" content=\"Ufficio del mediatore per le piattaforme di mobilit\u00e0 &#8211; Konsumentenforum\" \/>\n<meta property=\"og:description\" content=\"Ufficio del mediatore per le piattaforme di mobilit\u00e0 L&#8217;ufficio del difensore civico per le piattaforme di mobilit\u00e0 gestisce i casi di reclamo e consulenza per i mercati online AutoScout24 e MotoScout24. In qualit\u00e0 di organo arbitrale indipendente, l&#8217;ombudsman fa da mediatore tra i fornitori di piattaforme e i consumatori. Riceve i loro reclami e cerca [&hellip;]\" \/>\n<meta property=\"og:url\" content=\"https:\/\/konsum.ch\/it\/ufficio-del-mediatore-per-le-piattaforme-di-mobilita\/\" \/>\n<meta property=\"og:site_name\" content=\"Konsumentenforum\" \/>\n<meta property=\"article:modified_time\" content=\"2026-04-27T12:06:28+00:00\" \/>\n<meta name=\"twitter:card\" content=\"summary_large_image\" \/>\n<script type=\"application\/ld+json\" class=\"yoast-schema-graph\">{\"@context\":\"https:\\\/\\\/schema.org\",\"@graph\":[{\"@type\":\"WebPage\",\"@id\":\"https:\\\/\\\/konsum.ch\\\/it\\\/ufficio-del-mediatore-per-le-piattaforme-di-mobilita\\\/\",\"url\":\"https:\\\/\\\/konsum.ch\\\/it\\\/ufficio-del-mediatore-per-le-piattaforme-di-mobilita\\\/\",\"name\":\"Ufficio del mediatore per le piattaforme di mobilit\u00e0 &#8211; Konsumentenforum\",\"isPartOf\":{\"@id\":\"https:\\\/\\\/konsum.ch\\\/it\\\/#website\"},\"datePublished\":\"2026-04-08T09:28:00+00:00\",\"dateModified\":\"2026-04-27T12:06:28+00:00\",\"breadcrumb\":{\"@id\":\"https:\\\/\\\/konsum.ch\\\/it\\\/ufficio-del-mediatore-per-le-piattaforme-di-mobilita\\\/#breadcrumb\"},\"inLanguage\":\"it-IT\",\"potentialAction\":[{\"@type\":\"ReadAction\",\"target\":[\"https:\\\/\\\/konsum.ch\\\/it\\\/ufficio-del-mediatore-per-le-piattaforme-di-mobilita\\\/\"]}]},{\"@type\":\"BreadcrumbList\",\"@id\":\"https:\\\/\\\/konsum.ch\\\/it\\\/ufficio-del-mediatore-per-le-piattaforme-di-mobilita\\\/#breadcrumb\",\"itemListElement\":[{\"@type\":\"ListItem\",\"position\":1,\"name\":\"Startseite\",\"item\":\"https:\\\/\\\/konsum.ch\\\/it\\\/\"},{\"@type\":\"ListItem\",\"position\":2,\"name\":\"Privato: Ufficio del mediatore per le piattaforme di mobilit\u00e0\"}]},{\"@type\":\"WebSite\",\"@id\":\"https:\\\/\\\/konsum.ch\\\/it\\\/#website\",\"url\":\"https:\\\/\\\/konsum.ch\\\/it\\\/\",\"name\":\"Konsumentenforum\",\"description\":\"\",\"publisher\":{\"@id\":\"https:\\\/\\\/konsum.ch\\\/it\\\/#organization\"},\"potentialAction\":[{\"@type\":\"SearchAction\",\"target\":{\"@type\":\"EntryPoint\",\"urlTemplate\":\"https:\\\/\\\/konsum.ch\\\/it\\\/?s={search_term_string}\"},\"query-input\":{\"@type\":\"PropertyValueSpecification\",\"valueRequired\":true,\"valueName\":\"search_term_string\"}}],\"inLanguage\":\"it-IT\"},{\"@type\":\"Organization\",\"@id\":\"https:\\\/\\\/konsum.ch\\\/it\\\/#organization\",\"name\":\"Konsumentenforum kf\",\"url\":\"https:\\\/\\\/konsum.ch\\\/it\\\/\",\"logo\":{\"@type\":\"ImageObject\",\"inLanguage\":\"it-IT\",\"@id\":\"https:\\\/\\\/konsum.ch\\\/it\\\/#\\\/schema\\\/logo\\\/image\\\/\",\"url\":\"https:\\\/\\\/konsum.ch\\\/wp-content\\\/uploads\\\/2021\\\/04\\\/kf-Logo-NEU-ohneText-01.png\",\"contentUrl\":\"https:\\\/\\\/konsum.ch\\\/wp-content\\\/uploads\\\/2021\\\/04\\\/kf-Logo-NEU-ohneText-01.png\",\"width\":1477,\"height\":1477,\"caption\":\"Konsumentenforum kf\"},\"image\":{\"@id\":\"https:\\\/\\\/konsum.ch\\\/it\\\/#\\\/schema\\\/logo\\\/image\\\/\"}}]}<\/script>\n<!-- \/ Yoast SEO plugin. -->","yoast_head_json":{"title":"Ufficio del mediatore per le piattaforme di mobilit\u00e0 &#8211; Konsumentenforum","robots":{"index":"index","follow":"follow","max-snippet":"max-snippet:-1","max-image-preview":"max-image-preview:large","max-video-preview":"max-video-preview:-1"},"canonical":"https:\/\/konsum.ch\/it\/ufficio-del-mediatore-per-le-piattaforme-di-mobilita\/","og_locale":"it_IT","og_type":"article","og_title":"Ufficio del mediatore per le piattaforme di mobilit\u00e0 &#8211; Konsumentenforum","og_description":"Ufficio del mediatore per le piattaforme di mobilit\u00e0 L&#8217;ufficio del difensore civico per le piattaforme di mobilit\u00e0 gestisce i casi di reclamo e consulenza per i mercati online AutoScout24 e MotoScout24. In qualit\u00e0 di organo arbitrale indipendente, l&#8217;ombudsman fa da mediatore tra i fornitori di piattaforme e i consumatori. Riceve i loro reclami e cerca [&hellip;]","og_url":"https:\/\/konsum.ch\/it\/ufficio-del-mediatore-per-le-piattaforme-di-mobilita\/","og_site_name":"Konsumentenforum","article_modified_time":"2026-04-27T12:06:28+00:00","twitter_card":"summary_large_image","schema":{"@context":"https:\/\/schema.org","@graph":[{"@type":"WebPage","@id":"https:\/\/konsum.ch\/it\/ufficio-del-mediatore-per-le-piattaforme-di-mobilita\/","url":"https:\/\/konsum.ch\/it\/ufficio-del-mediatore-per-le-piattaforme-di-mobilita\/","name":"Ufficio del mediatore per le piattaforme di mobilit\u00e0 &#8211; Konsumentenforum","isPartOf":{"@id":"https:\/\/konsum.ch\/it\/#website"},"datePublished":"2026-04-08T09:28:00+00:00","dateModified":"2026-04-27T12:06:28+00:00","breadcrumb":{"@id":"https:\/\/konsum.ch\/it\/ufficio-del-mediatore-per-le-piattaforme-di-mobilita\/#breadcrumb"},"inLanguage":"it-IT","potentialAction":[{"@type":"ReadAction","target":["https:\/\/konsum.ch\/it\/ufficio-del-mediatore-per-le-piattaforme-di-mobilita\/"]}]},{"@type":"BreadcrumbList","@id":"https:\/\/konsum.ch\/it\/ufficio-del-mediatore-per-le-piattaforme-di-mobilita\/#breadcrumb","itemListElement":[{"@type":"ListItem","position":1,"name":"Startseite","item":"https:\/\/konsum.ch\/it\/"},{"@type":"ListItem","position":2,"name":"Privato: Ufficio del mediatore per le piattaforme di mobilit\u00e0"}]},{"@type":"WebSite","@id":"https:\/\/konsum.ch\/it\/#website","url":"https:\/\/konsum.ch\/it\/","name":"Konsumentenforum","description":"","publisher":{"@id":"https:\/\/konsum.ch\/it\/#organization"},"potentialAction":[{"@type":"SearchAction","target":{"@type":"EntryPoint","urlTemplate":"https:\/\/konsum.ch\/it\/?s={search_term_string}"},"query-input":{"@type":"PropertyValueSpecification","valueRequired":true,"valueName":"search_term_string"}}],"inLanguage":"it-IT"},{"@type":"Organization","@id":"https:\/\/konsum.ch\/it\/#organization","name":"Konsumentenforum kf","url":"https:\/\/konsum.ch\/it\/","logo":{"@type":"ImageObject","inLanguage":"it-IT","@id":"https:\/\/konsum.ch\/it\/#\/schema\/logo\/image\/","url":"https:\/\/konsum.ch\/wp-content\/uploads\/2021\/04\/kf-Logo-NEU-ohneText-01.png","contentUrl":"https:\/\/konsum.ch\/wp-content\/uploads\/2021\/04\/kf-Logo-NEU-ohneText-01.png","width":1477,"height":1477,"caption":"Konsumentenforum kf"},"image":{"@id":"https:\/\/konsum.ch\/it\/#\/schema\/logo\/image\/"}}]}},"_links":{"self":[{"href":"https:\/\/konsum.ch\/it\/wp-json\/wp\/v2\/pages\/148260","targetHints":{"allow":["GET"]}}],"collection":[{"href":"https:\/\/konsum.ch\/it\/wp-json\/wp\/v2\/pages"}],"about":[{"href":"https:\/\/konsum.ch\/it\/wp-json\/wp\/v2\/types\/page"}],"author":[{"embeddable":true,"href":"https:\/\/konsum.ch\/it\/wp-json\/wp\/v2\/users\/16"}],"replies":[{"embeddable":true,"href":"https:\/\/konsum.ch\/it\/wp-json\/wp\/v2\/comments?post=148260"}],"version-history":[{"count":2,"href":"https:\/\/konsum.ch\/it\/wp-json\/wp\/v2\/pages\/148260\/revisions"}],"predecessor-version":[{"id":148653,"href":"https:\/\/konsum.ch\/it\/wp-json\/wp\/v2\/pages\/148260\/revisions\/148653"}],"wp:attachment":[{"href":"https:\/\/konsum.ch\/it\/wp-json\/wp\/v2\/media?parent=148260"}],"curies":[{"name":"wp","href":"https:\/\/api.w.org\/{rel}","templated":true}]}}

Ufficio del mediatore per le piattaforme di mobilità

<h3>
<div role="navigation" aria-label="Selettore lingua" class="wpml-ls-statics-shortcode_actions wpml-ls wpml-ls-legacy-list-horizontal">
	<ul><li class="wpml-ls-slot-shortcode_actions wpml-ls-item wpml-ls-item-de wpml-ls-first-item wpml-ls-item-legacy-list-horizontal">
				<a href="https://konsum.ch/de/" hreflang="de" lang="de" class="wpml-ls-link" aria-label="Passa a DE" title="Passa a DE">
					                                    <img decoding="async"
            class="wpml-ls-flag"
            src="https://konsum.ch/wp-content/uploads/flags/schweiz.png"
            alt=""
            loading="lazy"
            width=18
            height=12
    /><span class="wpml-ls-native">DE</span></a>
			</li><li class="wpml-ls-slot-shortcode_actions wpml-ls-item wpml-ls-item-fr wpml-ls-item-legacy-list-horizontal">
				<a href="https://konsum.ch/fr/" hreflang="fr" lang="fr" class="wpml-ls-link" aria-label="Passa a FR" title="Passa a FR">
					                                    <img decoding="async"
            class="wpml-ls-flag"
            src="https://konsum.ch/wp-content/plugins/sitepress-multilingual-cms/res/flags/fr.svg"
            alt=""
            loading="lazy"
            width=18
            height=12
    /><span class="wpml-ls-native">FR</span></a>
			</li><li class="wpml-ls-slot-shortcode_actions wpml-ls-item wpml-ls-item-it wpml-ls-current-language wpml-ls-item-legacy-list-horizontal">
				<a href="https://konsum.ch/it/" hreflang="it" lang="it" class="wpml-ls-link" aria-current="page" aria-label="Passa a IT" title="Passa a IT">
					                                    <img decoding="async"
            class="wpml-ls-flag"
            src="https://konsum.ch/wp-content/plugins/sitepress-multilingual-cms/res/flags/it.svg"
            alt=""
            loading="lazy"
            width=18
            height=12
    /><span class="wpml-ls-native">IT</span></a>
			</li><li class="wpml-ls-slot-shortcode_actions wpml-ls-item wpml-ls-item-en wpml-ls-last-item wpml-ls-item-legacy-list-horizontal">
				<a href="https://konsum.ch/en/" hreflang="en" lang="en" class="wpml-ls-link" aria-label="Passa a EN" title="Passa a EN">
					                                    <img decoding="async"
            class="wpml-ls-flag"
            src="https://konsum.ch/wp-content/plugins/sitepress-multilingual-cms/res/flags/en.svg"
            alt=""
            loading="lazy"
            width=18
            height=12
    /><span class="wpml-ls-native">EN</span></a>
			</li></ul>
</div>
</h3>
<h2>Ufficio del mediatore per le piattaforme di mobilità</h2>
<p>L&#8217;ufficio del difensore civico per le piattaforme di mobilità gestisce i casi di reclamo e consulenza per i mercati online AutoScout24 e MotoScout24. In qualità di organo arbitrale indipendente, l&#8217;ombudsman fa da mediatore tra i fornitori di piattaforme e i consumatori. Riceve i loro reclami e cerca soluzioni consensuali e soddisfacenti. L&#8217;ufficio di mediazione è supportato da SMG Swiss Marketplace Group.</p>
<p>I dipendenti dell&#8217;ufficio del difensore civico agiscono come un organo arbitrale neutrale e indipendente e mediano tra i clienti e le piattaforme di mobilità coinvolte.</p>

<p>Ufficio del mediatore per le piattaforme di mobilità L&#8217;ufficio del difensore civico per le piattaforme di mobilità gestisce i casi di reclamo e consulenza per i mercati online AutoScout24 e MotoScout24. In qualità di organo arbitrale indipendente, l&#8217;ombudsman fa da mediatore tra i fornitori di piattaforme e i consumatori. Riceve i loro reclami e cerca [&hellip;]</p>

<!-- This site is optimized with the Yoast SEO plugin v27.5 - https://yoast.com/product/yoast-seo-wordpress/ -->
<title>Ufficio del mediatore per le piattaforme di mobilità &#8211; Konsumentenforum</title>
<meta name="robots" content="index, follow, max-snippet:-1, max-image-preview:large, max-video-preview:-1" />
<link rel="canonical" href="https://konsum.ch/it/ufficio-del-mediatore-per-le-piattaforme-di-mobilita/" />
<meta property="og:locale" content="it_IT" />
<meta property="og:type" content="article" />
<meta property="og:title" content="Ufficio del mediatore per le piattaforme di mobilità &#8211; Konsumentenforum" />
<meta property="og:description" content="Ufficio del mediatore per le piattaforme di mobilità L&#8217;ufficio del difensore civico per le piattaforme di mobilità gestisce i casi di reclamo e consulenza per i mercati online AutoScout24 e MotoScout24. In qualità di organo arbitrale indipendente, l&#8217;ombudsman fa da mediatore tra i fornitori di piattaforme e i consumatori. Riceve i loro reclami e cerca [&hellip;]" />
<meta property="og:url" content="https://konsum.ch/it/ufficio-del-mediatore-per-le-piattaforme-di-mobilita/" />
<meta property="og:site_name" content="Konsumentenforum" />
<meta property="article:modified_time" content="2026-04-27T12:06:28+00:00" />
<meta name="twitter:card" content="summary_large_image" />
<script type="application/ld+json" class="yoast-schema-graph">{"@context":"https:\/\/schema.org","@graph":[{"@type":"WebPage","@id":"https:\/\/konsum.ch\/it\/ufficio-del-mediatore-per-le-piattaforme-di-mobilita\/","url":"https:\/\/konsum.ch\/it\/ufficio-del-mediatore-per-le-piattaforme-di-mobilita\/","name":"Ufficio del mediatore per le piattaforme di mobilità &#8211; Konsumentenforum","isPartOf":{"@id":"https:\/\/konsum.ch\/it\/#website"},"datePublished":"2026-04-08T09:28:00+00:00","dateModified":"2026-04-27T12:06:28+00:00","breadcrumb":{"@id":"https:\/\/konsum.ch\/it\/ufficio-del-mediatore-per-le-piattaforme-di-mobilita\/#breadcrumb"},"inLanguage":"it-IT","potentialAction":[{"@type":"ReadAction","target":["https:\/\/konsum.ch\/it\/ufficio-del-mediatore-per-le-piattaforme-di-mobilita\/"]}]},{"@type":"BreadcrumbList","@id":"https:\/\/konsum.ch\/it\/ufficio-del-mediatore-per-le-piattaforme-di-mobilita\/#breadcrumb","itemListElement":[{"@type":"ListItem","position":1,"name":"Startseite","item":"https:\/\/konsum.ch\/it\/"},{"@type":"ListItem","position":2,"name":"Privato: Ufficio del mediatore per le piattaforme di mobilità"}]},{"@type":"WebSite","@id":"https:\/\/konsum.ch\/it\/#website","url":"https:\/\/konsum.ch\/it\/","name":"Konsumentenforum","description":"","publisher":{"@id":"https:\/\/konsum.ch\/it\/#organization"},"potentialAction":[{"@type":"SearchAction","target":{"@type":"EntryPoint","urlTemplate":"https:\/\/konsum.ch\/it\/?s={search_term_string}"},"query-input":{"@type":"PropertyValueSpecification","valueRequired":true,"valueName":"search_term_string"}}],"inLanguage":"it-IT"},{"@type":"Organization","@id":"https:\/\/konsum.ch\/it\/#organization","name":"Konsumentenforum kf","url":"https:\/\/konsum.ch\/it\/","logo":{"@type":"ImageObject","inLanguage":"it-IT","@id":"https:\/\/konsum.ch\/it\/#\/schema\/logo\/image\/","url":"https:\/\/konsum.ch\/wp-content\/uploads\/2021\/04\/kf-Logo-NEU-ohneText-01.png","contentUrl":"https:\/\/konsum.ch\/wp-content\/uploads\/2021\/04\/kf-Logo-NEU-ohneText-01.png","width":1477,"height":1477,"caption":"Konsumentenforum kf"},"image":{"@id":"https:\/\/konsum.ch\/it\/#\/schema\/logo\/image\/"}}]}</script>
<!-- / Yoast SEO plugin. -->

Ufficio del mediatore per le piattaforme di mobilità &#8211; Konsumentenforum

Ufficio del mediatore per le piattaforme di mobilità L&#8217;ufficio del difensore civico per le piattaforme di mobilità gestisce i casi di reclamo e consulenza per i mercati online AutoScout24 e MotoScout24. In qualità di organo arbitrale indipendente, l&#8217;ombudsman fa da mediatore tra i fornitori di piattaforme e i consumatori. Riceve i loro reclami e cerca [&hellip;]

Privato: Ufficio del mediatore per le piattaforme di mobilità
