{"id":148259,"date":"2026-04-08T11:22:41","date_gmt":"2026-04-08T09:22:41","guid":{"rendered":"https:\/\/konsum.ch\/?page_id=148259"},"modified":"2026-04-27T14:05:29","modified_gmt":"2026-04-27T12:05:29","slug":"service-de-mediation-pour-les-plateformes-de-mobilite","status":"publish","type":"page","link":"https:\/\/konsum.ch\/fr\/service-de-mediation-pour-les-plateformes-de-mobilite\/","title":{"rendered":"Service de m\u00e9diation pour les plateformes de mobilit\u00e9"},"content":{"rendered":"<h3>\n<div role=\"navigation\" aria-label=\"S\u00e9lecteur de langue\" class=\"wpml-ls-statics-shortcode_actions wpml-ls wpml-ls-legacy-list-horizontal\">\n\t<ul><li class=\"wpml-ls-slot-shortcode_actions wpml-ls-item wpml-ls-item-de wpml-ls-first-item wpml-ls-item-legacy-list-horizontal\">\n\t\t\t\t<a href=\"https:\/\/konsum.ch\/de\/\" hreflang=\"de\" lang=\"de\" class=\"wpml-ls-link\" aria-label=\"Passer \u00e0 DE\" title=\"Passer \u00e0 DE\">\n\t\t\t\t\t                                    <img decoding=\"async\"\n            class=\"wpml-ls-flag\"\n            src=\"https:\/\/konsum.ch\/wp-content\/uploads\/flags\/schweiz.png\"\n            alt=\"\"\n            loading=\"lazy\"\n            width=18\n            height=12\n    \/><span class=\"wpml-ls-native\">DE<\/span><\/a>\n\t\t\t<\/li><li class=\"wpml-ls-slot-shortcode_actions wpml-ls-item wpml-ls-item-fr wpml-ls-current-language wpml-ls-item-legacy-list-horizontal\">\n\t\t\t\t<a href=\"https:\/\/konsum.ch\/fr\/\" hreflang=\"fr\" lang=\"fr\" class=\"wpml-ls-link\" aria-current=\"page\" aria-label=\"Passer \u00e0 FR\" title=\"Passer \u00e0 FR\">\n\t\t\t\t\t                                    <img decoding=\"async\"\n            class=\"wpml-ls-flag\"\n            src=\"https:\/\/konsum.ch\/wp-content\/plugins\/sitepress-multilingual-cms\/res\/flags\/fr.svg\"\n            alt=\"\"\n            loading=\"lazy\"\n            width=18\n            height=12\n    \/><span class=\"wpml-ls-native\">FR<\/span><\/a>\n\t\t\t<\/li><li class=\"wpml-ls-slot-shortcode_actions wpml-ls-item wpml-ls-item-it wpml-ls-item-legacy-list-horizontal\">\n\t\t\t\t<a href=\"https:\/\/konsum.ch\/it\/\" hreflang=\"it\" lang=\"it\" class=\"wpml-ls-link\" aria-label=\"Passer \u00e0 IT\" title=\"Passer \u00e0 IT\">\n\t\t\t\t\t                                    <img decoding=\"async\"\n            class=\"wpml-ls-flag\"\n            src=\"https:\/\/konsum.ch\/wp-content\/plugins\/sitepress-multilingual-cms\/res\/flags\/it.svg\"\n            alt=\"\"\n            loading=\"lazy\"\n            width=18\n            height=12\n    \/><span class=\"wpml-ls-native\">IT<\/span><\/a>\n\t\t\t<\/li><li class=\"wpml-ls-slot-shortcode_actions wpml-ls-item wpml-ls-item-en wpml-ls-last-item wpml-ls-item-legacy-list-horizontal\">\n\t\t\t\t<a href=\"https:\/\/konsum.ch\/en\/\" hreflang=\"en\" lang=\"en\" class=\"wpml-ls-link\" aria-label=\"Passer \u00e0 EN\" title=\"Passer \u00e0 EN\">\n\t\t\t\t\t                                    <img decoding=\"async\"\n            class=\"wpml-ls-flag\"\n            src=\"https:\/\/konsum.ch\/wp-content\/plugins\/sitepress-multilingual-cms\/res\/flags\/en.svg\"\n            alt=\"\"\n            loading=\"lazy\"\n            width=18\n            height=12\n    \/><span class=\"wpml-ls-native\">EN<\/span><\/a>\n\t\t\t<\/li><\/ul>\n<\/div>\n<\/h3>\n<h2>Service de m\u00e9diation pour les plateformes de mobilit\u00e9<\/h2>\n<p>Le service de m\u00e9diation des plateformes de mobilit\u00e9 traite les sinistres et les demandes de conseil pour les places de march\u00e9 en ligne AutoScout24 et MotoScout24. En tant qu&#8217;instance de m\u00e9diation ind\u00e9pendante, le service de m\u00e9diation sert d&#8217;interm\u00e9diaire entre les op\u00e9rateurs de plateformes et les consommateurs. Il re\u00e7oit leurs plaintes et recherche des solutions consensuelles et satisfaisantes. Le service de m\u00e9diation est soutenu par SMG Swiss Marketplace Group.<\/p>\n<p>Les collaborateurs du service de m\u00e9diation jouent le r\u00f4le d&#8217;un organisme de conciliation neutre et ind\u00e9pendant et assurent la m\u00e9diation entre les clients et les plateformes de mobilit\u00e9 concern\u00e9es.<\/p>\n","protected":false},"excerpt":{"rendered":"<p>Service de m\u00e9diation pour les plateformes de mobilit\u00e9 Le service de m\u00e9diation des plateformes de mobilit\u00e9 traite les sinistres et les demandes de conseil pour les places de march\u00e9 en ligne AutoScout24 et MotoScout24. En tant qu&#8217;instance de m\u00e9diation ind\u00e9pendante, le service de m\u00e9diation sert d&#8217;interm\u00e9diaire entre les op\u00e9rateurs de plateformes et les consommateurs. Il [&hellip;]<\/p>\n","protected":false},"author":16,"featured_media":0,"parent":0,"menu_order":0,"comment_status":"closed","ping_status":"closed","template":"","meta":{"_acf_changed":false,"footnotes":""},"class_list":["post-148259","page","type-page","status-publish","hentry"],"acf":[],"yoast_head":"<!-- This site is optimized with the Yoast SEO plugin v27.5 - https:\/\/yoast.com\/product\/yoast-seo-wordpress\/ -->\n<title>Service de m\u00e9diation pour les plateformes de mobilit\u00e9 &#8211; Konsumentenforum<\/title>\n<meta name=\"robots\" content=\"index, follow, max-snippet:-1, max-image-preview:large, max-video-preview:-1\" \/>\n<link rel=\"canonical\" href=\"https:\/\/konsum.ch\/fr\/service-de-mediation-pour-les-plateformes-de-mobilite\/\" \/>\n<meta property=\"og:locale\" content=\"fr_FR\" \/>\n<meta property=\"og:type\" content=\"article\" \/>\n<meta property=\"og:title\" content=\"Service de m\u00e9diation pour les plateformes de mobilit\u00e9 &#8211; Konsumentenforum\" \/>\n<meta property=\"og:description\" content=\"Service de m\u00e9diation pour les plateformes de mobilit\u00e9 Le service de m\u00e9diation des plateformes de mobilit\u00e9 traite les sinistres et les demandes de conseil pour les places de march\u00e9 en ligne AutoScout24 et MotoScout24. En tant qu&#8217;instance de m\u00e9diation ind\u00e9pendante, le service de m\u00e9diation sert d&#8217;interm\u00e9diaire entre les op\u00e9rateurs de plateformes et les consommateurs. Il [&hellip;]\" \/>\n<meta property=\"og:url\" content=\"https:\/\/konsum.ch\/fr\/service-de-mediation-pour-les-plateformes-de-mobilite\/\" \/>\n<meta property=\"og:site_name\" content=\"Konsumentenforum\" \/>\n<meta property=\"article:modified_time\" content=\"2026-04-27T12:05:29+00:00\" \/>\n<meta name=\"twitter:card\" content=\"summary_large_image\" \/>\n<meta name=\"twitter:label1\" content=\"Dur\u00e9e de lecture estim\u00e9e\" \/>\n\t<meta name=\"twitter:data1\" content=\"1 minute\" \/>\n<script type=\"application\/ld+json\" class=\"yoast-schema-graph\">{\"@context\":\"https:\\\/\\\/schema.org\",\"@graph\":[{\"@type\":\"WebPage\",\"@id\":\"https:\\\/\\\/konsum.ch\\\/fr\\\/service-de-mediation-pour-les-plateformes-de-mobilite\\\/\",\"url\":\"https:\\\/\\\/konsum.ch\\\/fr\\\/service-de-mediation-pour-les-plateformes-de-mobilite\\\/\",\"name\":\"Service de m\u00e9diation pour les plateformes de mobilit\u00e9 &#8211; Konsumentenforum\",\"isPartOf\":{\"@id\":\"https:\\\/\\\/konsum.ch\\\/fr\\\/#website\"},\"datePublished\":\"2026-04-08T09:22:41+00:00\",\"dateModified\":\"2026-04-27T12:05:29+00:00\",\"breadcrumb\":{\"@id\":\"https:\\\/\\\/konsum.ch\\\/fr\\\/service-de-mediation-pour-les-plateformes-de-mobilite\\\/#breadcrumb\"},\"inLanguage\":\"fr-FR\",\"potentialAction\":[{\"@type\":\"ReadAction\",\"target\":[\"https:\\\/\\\/konsum.ch\\\/fr\\\/service-de-mediation-pour-les-plateformes-de-mobilite\\\/\"]}]},{\"@type\":\"BreadcrumbList\",\"@id\":\"https:\\\/\\\/konsum.ch\\\/fr\\\/service-de-mediation-pour-les-plateformes-de-mobilite\\\/#breadcrumb\",\"itemListElement\":[{\"@type\":\"ListItem\",\"position\":1,\"name\":\"Startseite\",\"item\":\"https:\\\/\\\/konsum.ch\\\/fr\\\/\"},{\"@type\":\"ListItem\",\"position\":2,\"name\":\"Priv\u00e9\u00a0: Service de m\u00e9diation pour les plateformes de mobilit\u00e9\"}]},{\"@type\":\"WebSite\",\"@id\":\"https:\\\/\\\/konsum.ch\\\/fr\\\/#website\",\"url\":\"https:\\\/\\\/konsum.ch\\\/fr\\\/\",\"name\":\"Konsumentenforum\",\"description\":\"\",\"publisher\":{\"@id\":\"https:\\\/\\\/konsum.ch\\\/fr\\\/#organization\"},\"potentialAction\":[{\"@type\":\"SearchAction\",\"target\":{\"@type\":\"EntryPoint\",\"urlTemplate\":\"https:\\\/\\\/konsum.ch\\\/fr\\\/?s={search_term_string}\"},\"query-input\":{\"@type\":\"PropertyValueSpecification\",\"valueRequired\":true,\"valueName\":\"search_term_string\"}}],\"inLanguage\":\"fr-FR\"},{\"@type\":\"Organization\",\"@id\":\"https:\\\/\\\/konsum.ch\\\/fr\\\/#organization\",\"name\":\"Konsumentenforum kf\",\"url\":\"https:\\\/\\\/konsum.ch\\\/fr\\\/\",\"logo\":{\"@type\":\"ImageObject\",\"inLanguage\":\"fr-FR\",\"@id\":\"https:\\\/\\\/konsum.ch\\\/fr\\\/#\\\/schema\\\/logo\\\/image\\\/\",\"url\":\"https:\\\/\\\/konsum.ch\\\/wp-content\\\/uploads\\\/2021\\\/04\\\/kf-Logo-NEU-ohneText-01.png\",\"contentUrl\":\"https:\\\/\\\/konsum.ch\\\/wp-content\\\/uploads\\\/2021\\\/04\\\/kf-Logo-NEU-ohneText-01.png\",\"width\":1477,\"height\":1477,\"caption\":\"Konsumentenforum kf\"},\"image\":{\"@id\":\"https:\\\/\\\/konsum.ch\\\/fr\\\/#\\\/schema\\\/logo\\\/image\\\/\"}}]}<\/script>\n<!-- \/ Yoast SEO plugin. -->","yoast_head_json":{"title":"Service de m\u00e9diation pour les plateformes de mobilit\u00e9 &#8211; Konsumentenforum","robots":{"index":"index","follow":"follow","max-snippet":"max-snippet:-1","max-image-preview":"max-image-preview:large","max-video-preview":"max-video-preview:-1"},"canonical":"https:\/\/konsum.ch\/fr\/service-de-mediation-pour-les-plateformes-de-mobilite\/","og_locale":"fr_FR","og_type":"article","og_title":"Service de m\u00e9diation pour les plateformes de mobilit\u00e9 &#8211; Konsumentenforum","og_description":"Service de m\u00e9diation pour les plateformes de mobilit\u00e9 Le service de m\u00e9diation des plateformes de mobilit\u00e9 traite les sinistres et les demandes de conseil pour les places de march\u00e9 en ligne AutoScout24 et MotoScout24. En tant qu&#8217;instance de m\u00e9diation ind\u00e9pendante, le service de m\u00e9diation sert d&#8217;interm\u00e9diaire entre les op\u00e9rateurs de plateformes et les consommateurs. Il [&hellip;]","og_url":"https:\/\/konsum.ch\/fr\/service-de-mediation-pour-les-plateformes-de-mobilite\/","og_site_name":"Konsumentenforum","article_modified_time":"2026-04-27T12:05:29+00:00","twitter_card":"summary_large_image","twitter_misc":{"Dur\u00e9e de lecture estim\u00e9e":"1 minute"},"schema":{"@context":"https:\/\/schema.org","@graph":[{"@type":"WebPage","@id":"https:\/\/konsum.ch\/fr\/service-de-mediation-pour-les-plateformes-de-mobilite\/","url":"https:\/\/konsum.ch\/fr\/service-de-mediation-pour-les-plateformes-de-mobilite\/","name":"Service de m\u00e9diation pour les plateformes de mobilit\u00e9 &#8211; Konsumentenforum","isPartOf":{"@id":"https:\/\/konsum.ch\/fr\/#website"},"datePublished":"2026-04-08T09:22:41+00:00","dateModified":"2026-04-27T12:05:29+00:00","breadcrumb":{"@id":"https:\/\/konsum.ch\/fr\/service-de-mediation-pour-les-plateformes-de-mobilite\/#breadcrumb"},"inLanguage":"fr-FR","potentialAction":[{"@type":"ReadAction","target":["https:\/\/konsum.ch\/fr\/service-de-mediation-pour-les-plateformes-de-mobilite\/"]}]},{"@type":"BreadcrumbList","@id":"https:\/\/konsum.ch\/fr\/service-de-mediation-pour-les-plateformes-de-mobilite\/#breadcrumb","itemListElement":[{"@type":"ListItem","position":1,"name":"Startseite","item":"https:\/\/konsum.ch\/fr\/"},{"@type":"ListItem","position":2,"name":"Priv\u00e9\u00a0: Service de m\u00e9diation pour les plateformes de mobilit\u00e9"}]},{"@type":"WebSite","@id":"https:\/\/konsum.ch\/fr\/#website","url":"https:\/\/konsum.ch\/fr\/","name":"Konsumentenforum","description":"","publisher":{"@id":"https:\/\/konsum.ch\/fr\/#organization"},"potentialAction":[{"@type":"SearchAction","target":{"@type":"EntryPoint","urlTemplate":"https:\/\/konsum.ch\/fr\/?s={search_term_string}"},"query-input":{"@type":"PropertyValueSpecification","valueRequired":true,"valueName":"search_term_string"}}],"inLanguage":"fr-FR"},{"@type":"Organization","@id":"https:\/\/konsum.ch\/fr\/#organization","name":"Konsumentenforum kf","url":"https:\/\/konsum.ch\/fr\/","logo":{"@type":"ImageObject","inLanguage":"fr-FR","@id":"https:\/\/konsum.ch\/fr\/#\/schema\/logo\/image\/","url":"https:\/\/konsum.ch\/wp-content\/uploads\/2021\/04\/kf-Logo-NEU-ohneText-01.png","contentUrl":"https:\/\/konsum.ch\/wp-content\/uploads\/2021\/04\/kf-Logo-NEU-ohneText-01.png","width":1477,"height":1477,"caption":"Konsumentenforum kf"},"image":{"@id":"https:\/\/konsum.ch\/fr\/#\/schema\/logo\/image\/"}}]}},"_links":{"self":[{"href":"https:\/\/konsum.ch\/fr\/wp-json\/wp\/v2\/pages\/148259","targetHints":{"allow":["GET"]}}],"collection":[{"href":"https:\/\/konsum.ch\/fr\/wp-json\/wp\/v2\/pages"}],"about":[{"href":"https:\/\/konsum.ch\/fr\/wp-json\/wp\/v2\/types\/page"}],"author":[{"embeddable":true,"href":"https:\/\/konsum.ch\/fr\/wp-json\/wp\/v2\/users\/16"}],"replies":[{"embeddable":true,"href":"https:\/\/konsum.ch\/fr\/wp-json\/wp\/v2\/comments?post=148259"}],"version-history":[{"count":2,"href":"https:\/\/konsum.ch\/fr\/wp-json\/wp\/v2\/pages\/148259\/revisions"}],"predecessor-version":[{"id":148652,"href":"https:\/\/konsum.ch\/fr\/wp-json\/wp\/v2\/pages\/148259\/revisions\/148652"}],"wp:attachment":[{"href":"https:\/\/konsum.ch\/fr\/wp-json\/wp\/v2\/media?parent=148259"}],"curies":[{"name":"wp","href":"https:\/\/api.w.org\/{rel}","templated":true}]}}

Service de médiation pour les plateformes de mobilité

<h3>
<div role="navigation" aria-label="Sélecteur de langue" class="wpml-ls-statics-shortcode_actions wpml-ls wpml-ls-legacy-list-horizontal">
	<ul><li class="wpml-ls-slot-shortcode_actions wpml-ls-item wpml-ls-item-de wpml-ls-first-item wpml-ls-item-legacy-list-horizontal">
				<a href="https://konsum.ch/de/" hreflang="de" lang="de" class="wpml-ls-link" aria-label="Passer à DE" title="Passer à DE">
					                                    <img decoding="async"
            class="wpml-ls-flag"
            src="https://konsum.ch/wp-content/uploads/flags/schweiz.png"
            alt=""
            loading="lazy"
            width=18
            height=12
    /><span class="wpml-ls-native">DE</span></a>
			</li><li class="wpml-ls-slot-shortcode_actions wpml-ls-item wpml-ls-item-fr wpml-ls-current-language wpml-ls-item-legacy-list-horizontal">
				<a href="https://konsum.ch/fr/" hreflang="fr" lang="fr" class="wpml-ls-link" aria-current="page" aria-label="Passer à FR" title="Passer à FR">
					                                    <img decoding="async"
            class="wpml-ls-flag"
            src="https://konsum.ch/wp-content/plugins/sitepress-multilingual-cms/res/flags/fr.svg"
            alt=""
            loading="lazy"
            width=18
            height=12
    /><span class="wpml-ls-native">FR</span></a>
			</li><li class="wpml-ls-slot-shortcode_actions wpml-ls-item wpml-ls-item-it wpml-ls-item-legacy-list-horizontal">
				<a href="https://konsum.ch/it/" hreflang="it" lang="it" class="wpml-ls-link" aria-label="Passer à IT" title="Passer à IT">
					                                    <img decoding="async"
            class="wpml-ls-flag"
            src="https://konsum.ch/wp-content/plugins/sitepress-multilingual-cms/res/flags/it.svg"
            alt=""
            loading="lazy"
            width=18
            height=12
    /><span class="wpml-ls-native">IT</span></a>
			</li><li class="wpml-ls-slot-shortcode_actions wpml-ls-item wpml-ls-item-en wpml-ls-last-item wpml-ls-item-legacy-list-horizontal">
				<a href="https://konsum.ch/en/" hreflang="en" lang="en" class="wpml-ls-link" aria-label="Passer à EN" title="Passer à EN">
					                                    <img decoding="async"
            class="wpml-ls-flag"
            src="https://konsum.ch/wp-content/plugins/sitepress-multilingual-cms/res/flags/en.svg"
            alt=""
            loading="lazy"
            width=18
            height=12
    /><span class="wpml-ls-native">EN</span></a>
			</li></ul>
</div>
</h3>
<h2>Service de médiation pour les plateformes de mobilité</h2>
<p>Le service de médiation des plateformes de mobilité traite les sinistres et les demandes de conseil pour les places de marché en ligne AutoScout24 et MotoScout24. En tant qu&#8217;instance de médiation indépendante, le service de médiation sert d&#8217;intermédiaire entre les opérateurs de plateformes et les consommateurs. Il reçoit leurs plaintes et recherche des solutions consensuelles et satisfaisantes. Le service de médiation est soutenu par SMG Swiss Marketplace Group.</p>
<p>Les collaborateurs du service de médiation jouent le rôle d&#8217;un organisme de conciliation neutre et indépendant et assurent la médiation entre les clients et les plateformes de mobilité concernées.</p>

<p>Service de médiation pour les plateformes de mobilité Le service de médiation des plateformes de mobilité traite les sinistres et les demandes de conseil pour les places de marché en ligne AutoScout24 et MotoScout24. En tant qu&#8217;instance de médiation indépendante, le service de médiation sert d&#8217;intermédiaire entre les opérateurs de plateformes et les consommateurs. Il [&hellip;]</p>

<!-- This site is optimized with the Yoast SEO plugin v27.5 - https://yoast.com/product/yoast-seo-wordpress/ -->
<title>Service de médiation pour les plateformes de mobilité &#8211; Konsumentenforum</title>
<meta name="robots" content="index, follow, max-snippet:-1, max-image-preview:large, max-video-preview:-1" />
<link rel="canonical" href="https://konsum.ch/fr/service-de-mediation-pour-les-plateformes-de-mobilite/" />
<meta property="og:locale" content="fr_FR" />
<meta property="og:type" content="article" />
<meta property="og:title" content="Service de médiation pour les plateformes de mobilité &#8211; Konsumentenforum" />
<meta property="og:description" content="Service de médiation pour les plateformes de mobilité Le service de médiation des plateformes de mobilité traite les sinistres et les demandes de conseil pour les places de marché en ligne AutoScout24 et MotoScout24. En tant qu&#8217;instance de médiation indépendante, le service de médiation sert d&#8217;intermédiaire entre les opérateurs de plateformes et les consommateurs. Il [&hellip;]" />
<meta property="og:url" content="https://konsum.ch/fr/service-de-mediation-pour-les-plateformes-de-mobilite/" />
<meta property="og:site_name" content="Konsumentenforum" />
<meta property="article:modified_time" content="2026-04-27T12:05:29+00:00" />
<meta name="twitter:card" content="summary_large_image" />
<meta name="twitter:label1" content="Durée de lecture estimée" />
	<meta name="twitter:data1" content="1 minute" />
<script type="application/ld+json" class="yoast-schema-graph">{"@context":"https:\/\/schema.org","@graph":[{"@type":"WebPage","@id":"https:\/\/konsum.ch\/fr\/service-de-mediation-pour-les-plateformes-de-mobilite\/","url":"https:\/\/konsum.ch\/fr\/service-de-mediation-pour-les-plateformes-de-mobilite\/","name":"Service de médiation pour les plateformes de mobilité &#8211; Konsumentenforum","isPartOf":{"@id":"https:\/\/konsum.ch\/fr\/#website"},"datePublished":"2026-04-08T09:22:41+00:00","dateModified":"2026-04-27T12:05:29+00:00","breadcrumb":{"@id":"https:\/\/konsum.ch\/fr\/service-de-mediation-pour-les-plateformes-de-mobilite\/#breadcrumb"},"inLanguage":"fr-FR","potentialAction":[{"@type":"ReadAction","target":["https:\/\/konsum.ch\/fr\/service-de-mediation-pour-les-plateformes-de-mobilite\/"]}]},{"@type":"BreadcrumbList","@id":"https:\/\/konsum.ch\/fr\/service-de-mediation-pour-les-plateformes-de-mobilite\/#breadcrumb","itemListElement":[{"@type":"ListItem","position":1,"name":"Startseite","item":"https:\/\/konsum.ch\/fr\/"},{"@type":"ListItem","position":2,"name":"Privé : Service de médiation pour les plateformes de mobilité"}]},{"@type":"WebSite","@id":"https:\/\/konsum.ch\/fr\/#website","url":"https:\/\/konsum.ch\/fr\/","name":"Konsumentenforum","description":"","publisher":{"@id":"https:\/\/konsum.ch\/fr\/#organization"},"potentialAction":[{"@type":"SearchAction","target":{"@type":"EntryPoint","urlTemplate":"https:\/\/konsum.ch\/fr\/?s={search_term_string}"},"query-input":{"@type":"PropertyValueSpecification","valueRequired":true,"valueName":"search_term_string"}}],"inLanguage":"fr-FR"},{"@type":"Organization","@id":"https:\/\/konsum.ch\/fr\/#organization","name":"Konsumentenforum kf","url":"https:\/\/konsum.ch\/fr\/","logo":{"@type":"ImageObject","inLanguage":"fr-FR","@id":"https:\/\/konsum.ch\/fr\/#\/schema\/logo\/image\/","url":"https:\/\/konsum.ch\/wp-content\/uploads\/2021\/04\/kf-Logo-NEU-ohneText-01.png","contentUrl":"https:\/\/konsum.ch\/wp-content\/uploads\/2021\/04\/kf-Logo-NEU-ohneText-01.png","width":1477,"height":1477,"caption":"Konsumentenforum kf"},"image":{"@id":"https:\/\/konsum.ch\/fr\/#\/schema\/logo\/image\/"}}]}</script>
<!-- / Yoast SEO plugin. -->

Service de médiation pour les plateformes de mobilité &#8211; Konsumentenforum

Service de médiation pour les plateformes de mobilité Le service de médiation des plateformes de mobilité traite les sinistres et les demandes de conseil pour les places de marché en ligne AutoScout24 et MotoScout24. En tant qu&#8217;instance de médiation indépendante, le service de médiation sert d&#8217;intermédiaire entre les opérateurs de plateformes et les consommateurs. Il [&hellip;]

Privé : Service de médiation pour les plateformes de mobilité
