{"id":8381,"date":"2021-05-17T10:05:01","date_gmt":"2021-05-17T08:05:01","guid":{"rendered":"https:\/\/konsum.ch\/?page_id=8381"},"modified":"2023-09-05T14:55:14","modified_gmt":"2023-09-05T12:55:14","slug":"datenschutz","status":"publish","type":"page","link":"https:\/\/konsum.ch\/de\/datenschutz\/","title":{"rendered":"Datenschutz"},"content":{"rendered":"<h1>Datenschutz<\/h1>\n<p>Diese Datenschutzrichtlinie gibt Ihnen einen \u00dcberblick, wann und welche personenbezogenen Daten das Schweizerische Konsumentenforum kf (nachfolgend entweder &#8220;konsum.ch&#8221; oder &#8220;wir&#8221;) \u00fcber Sie erheben, wie diese Personendaten bearbeitet werden und an wen sie allenfalls weitergegeben werden. Sie erfahren auch, welche Rechte Sie gem\u00e4ss Datenschutz in Bezug auf Ihre von uns bearbeiteten Personendaten haben und wie Sie diese aus\u00fcben k\u00f6nnen. Die Richtline gilt f\u00fcr s\u00e4mtliche von uns verarbeiteten personenbezogenen Daten.<\/p>\n<p>Mit der Nutzung unserer Webseite erkl\u00e4ren Sie sich mit der Bearbeitung Ihrer Personendaten einverstanden und akzeptieren die vorliegenden Datenschutzbestimmungen.<\/p>\n<p>Wir schliessen eine Haftung f\u00fcr den Inhalt externer Links auf unserer Website oder unseren Social-Media-Kan\u00e4len aus.<\/p>\n<p>Diese Datenschutzrichtlinie wurde gem\u00e4ss den Vorgaben des Neuen Datenschutzgesetzes (revDSG) der Schweiz erstellt. Wir behalten uns vor, diese Richtlinie von Zeit zu Zeit anzupassen. Sie entspricht dem Stand vom August 2023 und ist ab dem 1. September 2023 g\u00fcltig.<\/p>\n<p><a href=\"https:\/\/konsum.ch\/wp-content\/uploads\/2023\/08\/Datenschutzerklaerung_Konsum_DE-V1.pdf\" target=\"_blank\" rel=\"noopener\">Datenschutzrichtlinie anzeigen<\/a><\/p>\n","protected":false},"excerpt":{"rendered":"<p>Datenschutz Diese Datenschutzrichtlinie gibt Ihnen einen \u00dcberblick, wann und welche personenbezogenen Daten das Schweizerische Konsumentenforum kf (nachfolgend entweder &#8220;konsum.ch&#8221; oder &#8220;wir&#8221;) \u00fcber Sie erheben, wie diese Personendaten bearbeitet werden und an wen sie allenfalls weitergegeben werden. Sie erfahren auch, welche Rechte Sie gem\u00e4ss Datenschutz in Bezug auf Ihre von uns bearbeiteten Personendaten haben und wie [&hellip;]<\/p>\n","protected":false},"author":15,"featured_media":0,"parent":0,"menu_order":0,"comment_status":"closed","ping_status":"closed","template":"","meta":{"_acf_changed":false,"footnotes":""},"class_list":["post-8381","page","type-page","status-publish","hentry"],"acf":[],"yoast_head":"<!-- This site is optimized with the Yoast SEO plugin v27.4 - https:\/\/yoast.com\/product\/yoast-seo-wordpress\/ -->\n<title>Datenschutz &#8211; Konsumentenforum<\/title>\n<meta name=\"robots\" content=\"index, follow, max-snippet:-1, max-image-preview:large, max-video-preview:-1\" \/>\n<link rel=\"canonical\" href=\"https:\/\/konsum.ch\/de\/datenschutz\/\" \/>\n<meta property=\"og:locale\" content=\"de_DE\" \/>\n<meta property=\"og:type\" content=\"article\" \/>\n<meta property=\"og:title\" content=\"Datenschutz &#8211; Konsumentenforum\" \/>\n<meta property=\"og:description\" content=\"Datenschutz Diese Datenschutzrichtlinie gibt Ihnen einen \u00dcberblick, wann und welche personenbezogenen Daten das Schweizerische Konsumentenforum kf (nachfolgend entweder &#8220;konsum.ch&#8221; oder &#8220;wir&#8221;) \u00fcber Sie erheben, wie diese Personendaten bearbeitet werden und an wen sie allenfalls weitergegeben werden. Sie erfahren auch, welche Rechte Sie gem\u00e4ss Datenschutz in Bezug auf Ihre von uns bearbeiteten Personendaten haben und wie [&hellip;]\" \/>\n<meta property=\"og:url\" content=\"https:\/\/konsum.ch\/de\/datenschutz\/\" \/>\n<meta property=\"og:site_name\" content=\"Konsumentenforum\" \/>\n<meta property=\"article:modified_time\" content=\"2023-09-05T12:55:14+00:00\" \/>\n<meta name=\"twitter:card\" content=\"summary_large_image\" \/>\n<meta name=\"twitter:label1\" content=\"Gesch\u00e4tzte Lesezeit\" \/>\n\t<meta name=\"twitter:data1\" content=\"1\u00a0Minute\" \/>\n<script type=\"application\/ld+json\" class=\"yoast-schema-graph\">{\"@context\":\"https:\\\/\\\/schema.org\",\"@graph\":[{\"@type\":\"WebPage\",\"@id\":\"https:\\\/\\\/konsum.ch\\\/de\\\/datenschutz\\\/\",\"url\":\"https:\\\/\\\/konsum.ch\\\/de\\\/datenschutz\\\/\",\"name\":\"Datenschutz &#8211; Konsumentenforum\",\"isPartOf\":{\"@id\":\"https:\\\/\\\/konsum.ch\\\/de\\\/#website\"},\"datePublished\":\"2021-05-17T08:05:01+00:00\",\"dateModified\":\"2023-09-05T12:55:14+00:00\",\"breadcrumb\":{\"@id\":\"https:\\\/\\\/konsum.ch\\\/de\\\/datenschutz\\\/#breadcrumb\"},\"inLanguage\":\"de\",\"potentialAction\":[{\"@type\":\"ReadAction\",\"target\":[\"https:\\\/\\\/konsum.ch\\\/de\\\/datenschutz\\\/\"]}]},{\"@type\":\"BreadcrumbList\",\"@id\":\"https:\\\/\\\/konsum.ch\\\/de\\\/datenschutz\\\/#breadcrumb\",\"itemListElement\":[{\"@type\":\"ListItem\",\"position\":1,\"name\":\"Startseite\",\"item\":\"https:\\\/\\\/konsum.ch\\\/de\\\/\"},{\"@type\":\"ListItem\",\"position\":2,\"name\":\"Datenschutz\"}]},{\"@type\":\"WebSite\",\"@id\":\"https:\\\/\\\/konsum.ch\\\/de\\\/#website\",\"url\":\"https:\\\/\\\/konsum.ch\\\/de\\\/\",\"name\":\"Konsumentenforum\",\"description\":\"\",\"publisher\":{\"@id\":\"https:\\\/\\\/konsum.ch\\\/de\\\/#organization\"},\"potentialAction\":[{\"@type\":\"SearchAction\",\"target\":{\"@type\":\"EntryPoint\",\"urlTemplate\":\"https:\\\/\\\/konsum.ch\\\/de\\\/?s={search_term_string}\"},\"query-input\":{\"@type\":\"PropertyValueSpecification\",\"valueRequired\":true,\"valueName\":\"search_term_string\"}}],\"inLanguage\":\"de\"},{\"@type\":\"Organization\",\"@id\":\"https:\\\/\\\/konsum.ch\\\/de\\\/#organization\",\"name\":\"Konsumentenforum kf\",\"url\":\"https:\\\/\\\/konsum.ch\\\/de\\\/\",\"logo\":{\"@type\":\"ImageObject\",\"inLanguage\":\"de\",\"@id\":\"https:\\\/\\\/konsum.ch\\\/de\\\/#\\\/schema\\\/logo\\\/image\\\/\",\"url\":\"https:\\\/\\\/konsum.ch\\\/wp-content\\\/uploads\\\/2021\\\/04\\\/kf-Logo-NEU-ohneText-01.png\",\"contentUrl\":\"https:\\\/\\\/konsum.ch\\\/wp-content\\\/uploads\\\/2021\\\/04\\\/kf-Logo-NEU-ohneText-01.png\",\"width\":1477,\"height\":1477,\"caption\":\"Konsumentenforum kf\"},\"image\":{\"@id\":\"https:\\\/\\\/konsum.ch\\\/de\\\/#\\\/schema\\\/logo\\\/image\\\/\"}}]}<\/script>\n<!-- \/ Yoast SEO plugin. -->","yoast_head_json":{"title":"Datenschutz &#8211; Konsumentenforum","robots":{"index":"index","follow":"follow","max-snippet":"max-snippet:-1","max-image-preview":"max-image-preview:large","max-video-preview":"max-video-preview:-1"},"canonical":"https:\/\/konsum.ch\/de\/datenschutz\/","og_locale":"de_DE","og_type":"article","og_title":"Datenschutz &#8211; Konsumentenforum","og_description":"Datenschutz Diese Datenschutzrichtlinie gibt Ihnen einen \u00dcberblick, wann und welche personenbezogenen Daten das Schweizerische Konsumentenforum kf (nachfolgend entweder &#8220;konsum.ch&#8221; oder &#8220;wir&#8221;) \u00fcber Sie erheben, wie diese Personendaten bearbeitet werden und an wen sie allenfalls weitergegeben werden. Sie erfahren auch, welche Rechte Sie gem\u00e4ss Datenschutz in Bezug auf Ihre von uns bearbeiteten Personendaten haben und wie [&hellip;]","og_url":"https:\/\/konsum.ch\/de\/datenschutz\/","og_site_name":"Konsumentenforum","article_modified_time":"2023-09-05T12:55:14+00:00","twitter_card":"summary_large_image","twitter_misc":{"Gesch\u00e4tzte Lesezeit":"1\u00a0Minute"},"schema":{"@context":"https:\/\/schema.org","@graph":[{"@type":"WebPage","@id":"https:\/\/konsum.ch\/de\/datenschutz\/","url":"https:\/\/konsum.ch\/de\/datenschutz\/","name":"Datenschutz &#8211; Konsumentenforum","isPartOf":{"@id":"https:\/\/konsum.ch\/de\/#website"},"datePublished":"2021-05-17T08:05:01+00:00","dateModified":"2023-09-05T12:55:14+00:00","breadcrumb":{"@id":"https:\/\/konsum.ch\/de\/datenschutz\/#breadcrumb"},"inLanguage":"de","potentialAction":[{"@type":"ReadAction","target":["https:\/\/konsum.ch\/de\/datenschutz\/"]}]},{"@type":"BreadcrumbList","@id":"https:\/\/konsum.ch\/de\/datenschutz\/#breadcrumb","itemListElement":[{"@type":"ListItem","position":1,"name":"Startseite","item":"https:\/\/konsum.ch\/de\/"},{"@type":"ListItem","position":2,"name":"Datenschutz"}]},{"@type":"WebSite","@id":"https:\/\/konsum.ch\/de\/#website","url":"https:\/\/konsum.ch\/de\/","name":"Konsumentenforum","description":"","publisher":{"@id":"https:\/\/konsum.ch\/de\/#organization"},"potentialAction":[{"@type":"SearchAction","target":{"@type":"EntryPoint","urlTemplate":"https:\/\/konsum.ch\/de\/?s={search_term_string}"},"query-input":{"@type":"PropertyValueSpecification","valueRequired":true,"valueName":"search_term_string"}}],"inLanguage":"de"},{"@type":"Organization","@id":"https:\/\/konsum.ch\/de\/#organization","name":"Konsumentenforum kf","url":"https:\/\/konsum.ch\/de\/","logo":{"@type":"ImageObject","inLanguage":"de","@id":"https:\/\/konsum.ch\/de\/#\/schema\/logo\/image\/","url":"https:\/\/konsum.ch\/wp-content\/uploads\/2021\/04\/kf-Logo-NEU-ohneText-01.png","contentUrl":"https:\/\/konsum.ch\/wp-content\/uploads\/2021\/04\/kf-Logo-NEU-ohneText-01.png","width":1477,"height":1477,"caption":"Konsumentenforum kf"},"image":{"@id":"https:\/\/konsum.ch\/de\/#\/schema\/logo\/image\/"}}]}},"_links":{"self":[{"href":"https:\/\/konsum.ch\/de\/wp-json\/wp\/v2\/pages\/8381","targetHints":{"allow":["GET"]}}],"collection":[{"href":"https:\/\/konsum.ch\/de\/wp-json\/wp\/v2\/pages"}],"about":[{"href":"https:\/\/konsum.ch\/de\/wp-json\/wp\/v2\/types\/page"}],"author":[{"embeddable":true,"href":"https:\/\/konsum.ch\/de\/wp-json\/wp\/v2\/users\/15"}],"replies":[{"embeddable":true,"href":"https:\/\/konsum.ch\/de\/wp-json\/wp\/v2\/comments?post=8381"}],"version-history":[{"count":8,"href":"https:\/\/konsum.ch\/de\/wp-json\/wp\/v2\/pages\/8381\/revisions"}],"predecessor-version":[{"id":112928,"href":"https:\/\/konsum.ch\/de\/wp-json\/wp\/v2\/pages\/8381\/revisions\/112928"}],"wp:attachment":[{"href":"https:\/\/konsum.ch\/de\/wp-json\/wp\/v2\/media?parent=8381"}],"curies":[{"name":"wp","href":"https:\/\/api.w.org\/{rel}","templated":true}]}}

<h1>Datenschutz</h1>
<p>Diese Datenschutzrichtlinie gibt Ihnen einen Überblick, wann und welche personenbezogenen Daten das Schweizerische Konsumentenforum kf (nachfolgend entweder &#8220;konsum.ch&#8221; oder &#8220;wir&#8221;) über Sie erheben, wie diese Personendaten bearbeitet werden und an wen sie allenfalls weitergegeben werden. Sie erfahren auch, welche Rechte Sie gemäss Datenschutz in Bezug auf Ihre von uns bearbeiteten Personendaten haben und wie Sie diese ausüben können. Die Richtline gilt für sämtliche von uns verarbeiteten personenbezogenen Daten.</p>
<p>Mit der Nutzung unserer Webseite erklären Sie sich mit der Bearbeitung Ihrer Personendaten einverstanden und akzeptieren die vorliegenden Datenschutzbestimmungen.</p>
<p>Wir schliessen eine Haftung für den Inhalt externer Links auf unserer Website oder unseren Social-Media-Kanälen aus.</p>
<p>Diese Datenschutzrichtlinie wurde gemäss den Vorgaben des Neuen Datenschutzgesetzes (revDSG) der Schweiz erstellt. Wir behalten uns vor, diese Richtlinie von Zeit zu Zeit anzupassen. Sie entspricht dem Stand vom August 2023 und ist ab dem 1. September 2023 gültig.</p>
<p><a href="https://konsum.ch/wp-content/uploads/2023/08/Datenschutzerklaerung_Konsum_DE-V1.pdf" target="_blank" rel="noopener">Datenschutzrichtlinie anzeigen</a></p>

<p>Datenschutz Diese Datenschutzrichtlinie gibt Ihnen einen Überblick, wann und welche personenbezogenen Daten das Schweizerische Konsumentenforum kf (nachfolgend entweder &#8220;konsum.ch&#8221; oder &#8220;wir&#8221;) über Sie erheben, wie diese Personendaten bearbeitet werden und an wen sie allenfalls weitergegeben werden. Sie erfahren auch, welche Rechte Sie gemäss Datenschutz in Bezug auf Ihre von uns bearbeiteten Personendaten haben und wie [&hellip;]</p>

<!-- This site is optimized with the Yoast SEO plugin v27.4 - https://yoast.com/product/yoast-seo-wordpress/ -->
<title>Datenschutz &#8211; Konsumentenforum</title>
<meta name="robots" content="index, follow, max-snippet:-1, max-image-preview:large, max-video-preview:-1" />
<link rel="canonical" href="https://konsum.ch/de/datenschutz/" />
<meta property="og:locale" content="de_DE" />
<meta property="og:type" content="article" />
<meta property="og:title" content="Datenschutz &#8211; Konsumentenforum" />
<meta property="og:description" content="Datenschutz Diese Datenschutzrichtlinie gibt Ihnen einen Überblick, wann und welche personenbezogenen Daten das Schweizerische Konsumentenforum kf (nachfolgend entweder &#8220;konsum.ch&#8221; oder &#8220;wir&#8221;) über Sie erheben, wie diese Personendaten bearbeitet werden und an wen sie allenfalls weitergegeben werden. Sie erfahren auch, welche Rechte Sie gemäss Datenschutz in Bezug auf Ihre von uns bearbeiteten Personendaten haben und wie [&hellip;]" />
<meta property="og:url" content="https://konsum.ch/de/datenschutz/" />
<meta property="og:site_name" content="Konsumentenforum" />
<meta property="article:modified_time" content="2023-09-05T12:55:14+00:00" />
<meta name="twitter:card" content="summary_large_image" />
<meta name="twitter:label1" content="Geschätzte Lesezeit" />
	<meta name="twitter:data1" content="1 Minute" />
<script type="application/ld+json" class="yoast-schema-graph">{"@context":"https:\/\/schema.org","@graph":[{"@type":"WebPage","@id":"https:\/\/konsum.ch\/de\/datenschutz\/","url":"https:\/\/konsum.ch\/de\/datenschutz\/","name":"Datenschutz &#8211; Konsumentenforum","isPartOf":{"@id":"https:\/\/konsum.ch\/de\/#website"},"datePublished":"2021-05-17T08:05:01+00:00","dateModified":"2023-09-05T12:55:14+00:00","breadcrumb":{"@id":"https:\/\/konsum.ch\/de\/datenschutz\/#breadcrumb"},"inLanguage":"de","potentialAction":[{"@type":"ReadAction","target":["https:\/\/konsum.ch\/de\/datenschutz\/"]}]},{"@type":"BreadcrumbList","@id":"https:\/\/konsum.ch\/de\/datenschutz\/#breadcrumb","itemListElement":[{"@type":"ListItem","position":1,"name":"Startseite","item":"https:\/\/konsum.ch\/de\/"},{"@type":"ListItem","position":2,"name":"Datenschutz"}]},{"@type":"WebSite","@id":"https:\/\/konsum.ch\/de\/#website","url":"https:\/\/konsum.ch\/de\/","name":"Konsumentenforum","description":"","publisher":{"@id":"https:\/\/konsum.ch\/de\/#organization"},"potentialAction":[{"@type":"SearchAction","target":{"@type":"EntryPoint","urlTemplate":"https:\/\/konsum.ch\/de\/?s={search_term_string}"},"query-input":{"@type":"PropertyValueSpecification","valueRequired":true,"valueName":"search_term_string"}}],"inLanguage":"de"},{"@type":"Organization","@id":"https:\/\/konsum.ch\/de\/#organization","name":"Konsumentenforum kf","url":"https:\/\/konsum.ch\/de\/","logo":{"@type":"ImageObject","inLanguage":"de","@id":"https:\/\/konsum.ch\/de\/#\/schema\/logo\/image\/","url":"https:\/\/konsum.ch\/wp-content\/uploads\/2021\/04\/kf-Logo-NEU-ohneText-01.png","contentUrl":"https:\/\/konsum.ch\/wp-content\/uploads\/2021\/04\/kf-Logo-NEU-ohneText-01.png","width":1477,"height":1477,"caption":"Konsumentenforum kf"},"image":{"@id":"https:\/\/konsum.ch\/de\/#\/schema\/logo\/image\/"}}]}</script>
<!-- / Yoast SEO plugin. -->

Datenschutz Diese Datenschutzrichtlinie gibt Ihnen einen Überblick, wann und welche personenbezogenen Daten das Schweizerische Konsumentenforum kf (nachfolgend entweder &#8220;konsum.ch&#8221; oder &#8220;wir&#8221;) über Sie erheben, wie diese Personendaten bearbeitet werden und an wen sie allenfalls weitergegeben werden. Sie erfahren auch, welche Rechte Sie gemäss Datenschutz in Bezug auf Ihre von uns bearbeiteten Personendaten haben und wie [&hellip;]
