{"id":8377,"date":"2021-05-17T09:48:45","date_gmt":"2021-05-17T07:48:45","guid":{"rendered":"https:\/\/konsum.ch\/?page_id=8377"},"modified":"2024-12-09T15:30:14","modified_gmt":"2024-12-09T14:30:14","slug":"impressum","status":"publish","type":"page","link":"https:\/\/konsum.ch\/de\/impressum\/","title":{"rendered":"Impressum"},"content":{"rendered":"<p>Diese Website wird vom Schweizerischen Konsumentenforum kf betrieben. Das kf ist als Verein im Sinne von Art. 60 ff ZGB organisiert. Neben dem Verein besteht zudem auch eine Stiftung zur \u201eF\u00f6rderung der unabh\u00e4ngigen und nachhaltigen Konsumenteninformation\u201c mit Sitz im Kanton Z\u00fcrich. Stiftungszweck ist die Unterst\u00fctzung der T\u00e4tigkeiten des Konsumentenforums kf.<\/p>\n","protected":false},"excerpt":{"rendered":"<p>Diese Website wird vom Schweizerischen Konsumentenforum kf betrieben. Das kf ist als Verein im Sinne von Art. 60 ff ZGB organisiert. Neben dem Verein besteht zudem auch eine Stiftung zur \u201eF\u00f6rderung der unabh\u00e4ngigen und nachhaltigen Konsumenteninformation\u201c mit Sitz im Kanton Z\u00fcrich. Stiftungszweck ist die Unterst\u00fctzung der T\u00e4tigkeiten des Konsumentenforums kf.<\/p>\n","protected":false},"author":15,"featured_media":0,"parent":0,"menu_order":0,"comment_status":"closed","ping_status":"closed","template":"","meta":{"_acf_changed":false,"footnotes":""},"class_list":["post-8377","page","type-page","status-publish","hentry"],"acf":[],"yoast_head":"<!-- This site is optimized with the Yoast SEO plugin v27.4 - https:\/\/yoast.com\/product\/yoast-seo-wordpress\/ -->\n<title>Impressum &#8211; Konsumentenforum<\/title>\n<meta name=\"robots\" content=\"index, follow, max-snippet:-1, max-image-preview:large, max-video-preview:-1\" \/>\n<link rel=\"canonical\" href=\"https:\/\/konsum.ch\/de\/impressum\/\" \/>\n<meta property=\"og:locale\" content=\"de_DE\" \/>\n<meta property=\"og:type\" content=\"article\" \/>\n<meta property=\"og:title\" content=\"Impressum &#8211; Konsumentenforum\" \/>\n<meta property=\"og:description\" content=\"Diese Website wird vom Schweizerischen Konsumentenforum kf betrieben. Das kf ist als Verein im Sinne von Art. 60 ff ZGB organisiert. Neben dem Verein besteht zudem auch eine Stiftung zur \u201eF\u00f6rderung der unabh\u00e4ngigen und nachhaltigen Konsumenteninformation\u201c mit Sitz im Kanton Z\u00fcrich. Stiftungszweck ist die Unterst\u00fctzung der T\u00e4tigkeiten des Konsumentenforums kf.\" \/>\n<meta property=\"og:url\" content=\"https:\/\/konsum.ch\/de\/impressum\/\" \/>\n<meta property=\"og:site_name\" content=\"Konsumentenforum\" \/>\n<meta property=\"article:modified_time\" content=\"2024-12-09T14:30:14+00:00\" \/>\n<meta name=\"twitter:card\" content=\"summary_large_image\" \/>\n<meta name=\"twitter:label1\" content=\"Gesch\u00e4tzte Lesezeit\" \/>\n\t<meta name=\"twitter:data1\" content=\"2\u00a0Minuten\" \/>\n<script type=\"application\/ld+json\" class=\"yoast-schema-graph\">{\"@context\":\"https:\\\/\\\/schema.org\",\"@graph\":[{\"@type\":\"WebPage\",\"@id\":\"https:\\\/\\\/konsum.ch\\\/de\\\/impressum\\\/\",\"url\":\"https:\\\/\\\/konsum.ch\\\/de\\\/impressum\\\/\",\"name\":\"Impressum &#8211; Konsumentenforum\",\"isPartOf\":{\"@id\":\"https:\\\/\\\/konsum.ch\\\/de\\\/#website\"},\"datePublished\":\"2021-05-17T07:48:45+00:00\",\"dateModified\":\"2024-12-09T14:30:14+00:00\",\"breadcrumb\":{\"@id\":\"https:\\\/\\\/konsum.ch\\\/de\\\/impressum\\\/#breadcrumb\"},\"inLanguage\":\"de\",\"potentialAction\":[{\"@type\":\"ReadAction\",\"target\":[\"https:\\\/\\\/konsum.ch\\\/de\\\/impressum\\\/\"]}]},{\"@type\":\"BreadcrumbList\",\"@id\":\"https:\\\/\\\/konsum.ch\\\/de\\\/impressum\\\/#breadcrumb\",\"itemListElement\":[{\"@type\":\"ListItem\",\"position\":1,\"name\":\"Startseite\",\"item\":\"https:\\\/\\\/konsum.ch\\\/de\\\/\"},{\"@type\":\"ListItem\",\"position\":2,\"name\":\"Impressum\"}]},{\"@type\":\"WebSite\",\"@id\":\"https:\\\/\\\/konsum.ch\\\/de\\\/#website\",\"url\":\"https:\\\/\\\/konsum.ch\\\/de\\\/\",\"name\":\"Konsumentenforum\",\"description\":\"\",\"publisher\":{\"@id\":\"https:\\\/\\\/konsum.ch\\\/de\\\/#organization\"},\"potentialAction\":[{\"@type\":\"SearchAction\",\"target\":{\"@type\":\"EntryPoint\",\"urlTemplate\":\"https:\\\/\\\/konsum.ch\\\/de\\\/?s={search_term_string}\"},\"query-input\":{\"@type\":\"PropertyValueSpecification\",\"valueRequired\":true,\"valueName\":\"search_term_string\"}}],\"inLanguage\":\"de\"},{\"@type\":\"Organization\",\"@id\":\"https:\\\/\\\/konsum.ch\\\/de\\\/#organization\",\"name\":\"Konsumentenforum kf\",\"url\":\"https:\\\/\\\/konsum.ch\\\/de\\\/\",\"logo\":{\"@type\":\"ImageObject\",\"inLanguage\":\"de\",\"@id\":\"https:\\\/\\\/konsum.ch\\\/de\\\/#\\\/schema\\\/logo\\\/image\\\/\",\"url\":\"https:\\\/\\\/konsum.ch\\\/wp-content\\\/uploads\\\/2021\\\/04\\\/kf-Logo-NEU-ohneText-01.png\",\"contentUrl\":\"https:\\\/\\\/konsum.ch\\\/wp-content\\\/uploads\\\/2021\\\/04\\\/kf-Logo-NEU-ohneText-01.png\",\"width\":1477,\"height\":1477,\"caption\":\"Konsumentenforum kf\"},\"image\":{\"@id\":\"https:\\\/\\\/konsum.ch\\\/de\\\/#\\\/schema\\\/logo\\\/image\\\/\"}}]}<\/script>\n<!-- \/ Yoast SEO plugin. -->","yoast_head_json":{"title":"Impressum &#8211; Konsumentenforum","robots":{"index":"index","follow":"follow","max-snippet":"max-snippet:-1","max-image-preview":"max-image-preview:large","max-video-preview":"max-video-preview:-1"},"canonical":"https:\/\/konsum.ch\/de\/impressum\/","og_locale":"de_DE","og_type":"article","og_title":"Impressum &#8211; Konsumentenforum","og_description":"Diese Website wird vom Schweizerischen Konsumentenforum kf betrieben. Das kf ist als Verein im Sinne von Art. 60 ff ZGB organisiert. Neben dem Verein besteht zudem auch eine Stiftung zur \u201eF\u00f6rderung der unabh\u00e4ngigen und nachhaltigen Konsumenteninformation\u201c mit Sitz im Kanton Z\u00fcrich. Stiftungszweck ist die Unterst\u00fctzung der T\u00e4tigkeiten des Konsumentenforums kf.","og_url":"https:\/\/konsum.ch\/de\/impressum\/","og_site_name":"Konsumentenforum","article_modified_time":"2024-12-09T14:30:14+00:00","twitter_card":"summary_large_image","twitter_misc":{"Gesch\u00e4tzte Lesezeit":"2\u00a0Minuten"},"schema":{"@context":"https:\/\/schema.org","@graph":[{"@type":"WebPage","@id":"https:\/\/konsum.ch\/de\/impressum\/","url":"https:\/\/konsum.ch\/de\/impressum\/","name":"Impressum &#8211; Konsumentenforum","isPartOf":{"@id":"https:\/\/konsum.ch\/de\/#website"},"datePublished":"2021-05-17T07:48:45+00:00","dateModified":"2024-12-09T14:30:14+00:00","breadcrumb":{"@id":"https:\/\/konsum.ch\/de\/impressum\/#breadcrumb"},"inLanguage":"de","potentialAction":[{"@type":"ReadAction","target":["https:\/\/konsum.ch\/de\/impressum\/"]}]},{"@type":"BreadcrumbList","@id":"https:\/\/konsum.ch\/de\/impressum\/#breadcrumb","itemListElement":[{"@type":"ListItem","position":1,"name":"Startseite","item":"https:\/\/konsum.ch\/de\/"},{"@type":"ListItem","position":2,"name":"Impressum"}]},{"@type":"WebSite","@id":"https:\/\/konsum.ch\/de\/#website","url":"https:\/\/konsum.ch\/de\/","name":"Konsumentenforum","description":"","publisher":{"@id":"https:\/\/konsum.ch\/de\/#organization"},"potentialAction":[{"@type":"SearchAction","target":{"@type":"EntryPoint","urlTemplate":"https:\/\/konsum.ch\/de\/?s={search_term_string}"},"query-input":{"@type":"PropertyValueSpecification","valueRequired":true,"valueName":"search_term_string"}}],"inLanguage":"de"},{"@type":"Organization","@id":"https:\/\/konsum.ch\/de\/#organization","name":"Konsumentenforum kf","url":"https:\/\/konsum.ch\/de\/","logo":{"@type":"ImageObject","inLanguage":"de","@id":"https:\/\/konsum.ch\/de\/#\/schema\/logo\/image\/","url":"https:\/\/konsum.ch\/wp-content\/uploads\/2021\/04\/kf-Logo-NEU-ohneText-01.png","contentUrl":"https:\/\/konsum.ch\/wp-content\/uploads\/2021\/04\/kf-Logo-NEU-ohneText-01.png","width":1477,"height":1477,"caption":"Konsumentenforum kf"},"image":{"@id":"https:\/\/konsum.ch\/de\/#\/schema\/logo\/image\/"}}]}},"_links":{"self":[{"href":"https:\/\/konsum.ch\/de\/wp-json\/wp\/v2\/pages\/8377","targetHints":{"allow":["GET"]}}],"collection":[{"href":"https:\/\/konsum.ch\/de\/wp-json\/wp\/v2\/pages"}],"about":[{"href":"https:\/\/konsum.ch\/de\/wp-json\/wp\/v2\/types\/page"}],"author":[{"embeddable":true,"href":"https:\/\/konsum.ch\/de\/wp-json\/wp\/v2\/users\/15"}],"replies":[{"embeddable":true,"href":"https:\/\/konsum.ch\/de\/wp-json\/wp\/v2\/comments?post=8377"}],"version-history":[{"count":7,"href":"https:\/\/konsum.ch\/de\/wp-json\/wp\/v2\/pages\/8377\/revisions"}],"predecessor-version":[{"id":116318,"href":"https:\/\/konsum.ch\/de\/wp-json\/wp\/v2\/pages\/8377\/revisions\/116318"}],"wp:attachment":[{"href":"https:\/\/konsum.ch\/de\/wp-json\/wp\/v2\/media?parent=8377"}],"curies":[{"name":"wp","href":"https:\/\/api.w.org\/{rel}","templated":true}]}}

<p>Diese Website wird vom Schweizerischen Konsumentenforum kf betrieben. Das kf ist als Verein im Sinne von Art. 60 ff ZGB organisiert. Neben dem Verein besteht zudem auch eine Stiftung zur „Förderung der unabhängigen und nachhaltigen Konsumenteninformation“ mit Sitz im Kanton Zürich. Stiftungszweck ist die Unterstützung der Tätigkeiten des Konsumentenforums kf.</p>

<!-- This site is optimized with the Yoast SEO plugin v27.4 - https://yoast.com/product/yoast-seo-wordpress/ -->
<title>Impressum &#8211; Konsumentenforum</title>
<meta name="robots" content="index, follow, max-snippet:-1, max-image-preview:large, max-video-preview:-1" />
<link rel="canonical" href="https://konsum.ch/de/impressum/" />
<meta property="og:locale" content="de_DE" />
<meta property="og:type" content="article" />
<meta property="og:title" content="Impressum &#8211; Konsumentenforum" />
<meta property="og:description" content="Diese Website wird vom Schweizerischen Konsumentenforum kf betrieben. Das kf ist als Verein im Sinne von Art. 60 ff ZGB organisiert. Neben dem Verein besteht zudem auch eine Stiftung zur „Förderung der unabhängigen und nachhaltigen Konsumenteninformation“ mit Sitz im Kanton Zürich. Stiftungszweck ist die Unterstützung der Tätigkeiten des Konsumentenforums kf." />
<meta property="og:url" content="https://konsum.ch/de/impressum/" />
<meta property="og:site_name" content="Konsumentenforum" />
<meta property="article:modified_time" content="2024-12-09T14:30:14+00:00" />
<meta name="twitter:card" content="summary_large_image" />
<meta name="twitter:label1" content="Geschätzte Lesezeit" />
	<meta name="twitter:data1" content="2 Minuten" />
<script type="application/ld+json" class="yoast-schema-graph">{"@context":"https:\/\/schema.org","@graph":[{"@type":"WebPage","@id":"https:\/\/konsum.ch\/de\/impressum\/","url":"https:\/\/konsum.ch\/de\/impressum\/","name":"Impressum &#8211; Konsumentenforum","isPartOf":{"@id":"https:\/\/konsum.ch\/de\/#website"},"datePublished":"2021-05-17T07:48:45+00:00","dateModified":"2024-12-09T14:30:14+00:00","breadcrumb":{"@id":"https:\/\/konsum.ch\/de\/impressum\/#breadcrumb"},"inLanguage":"de","potentialAction":[{"@type":"ReadAction","target":["https:\/\/konsum.ch\/de\/impressum\/"]}]},{"@type":"BreadcrumbList","@id":"https:\/\/konsum.ch\/de\/impressum\/#breadcrumb","itemListElement":[{"@type":"ListItem","position":1,"name":"Startseite","item":"https:\/\/konsum.ch\/de\/"},{"@type":"ListItem","position":2,"name":"Impressum"}]},{"@type":"WebSite","@id":"https:\/\/konsum.ch\/de\/#website","url":"https:\/\/konsum.ch\/de\/","name":"Konsumentenforum","description":"","publisher":{"@id":"https:\/\/konsum.ch\/de\/#organization"},"potentialAction":[{"@type":"SearchAction","target":{"@type":"EntryPoint","urlTemplate":"https:\/\/konsum.ch\/de\/?s={search_term_string}"},"query-input":{"@type":"PropertyValueSpecification","valueRequired":true,"valueName":"search_term_string"}}],"inLanguage":"de"},{"@type":"Organization","@id":"https:\/\/konsum.ch\/de\/#organization","name":"Konsumentenforum kf","url":"https:\/\/konsum.ch\/de\/","logo":{"@type":"ImageObject","inLanguage":"de","@id":"https:\/\/konsum.ch\/de\/#\/schema\/logo\/image\/","url":"https:\/\/konsum.ch\/wp-content\/uploads\/2021\/04\/kf-Logo-NEU-ohneText-01.png","contentUrl":"https:\/\/konsum.ch\/wp-content\/uploads\/2021\/04\/kf-Logo-NEU-ohneText-01.png","width":1477,"height":1477,"caption":"Konsumentenforum kf"},"image":{"@id":"https:\/\/konsum.ch\/de\/#\/schema\/logo\/image\/"}}]}</script>
<!-- / Yoast SEO plugin. -->

Diese Website wird vom Schweizerischen Konsumentenforum kf betrieben. Das kf ist als Verein im Sinne von Art. 60 ff ZGB organisiert. Neben dem Verein besteht zudem auch eine Stiftung zur „Förderung der unabhängigen und nachhaltigen Konsumenteninformation“ mit Sitz im Kanton Zürich. Stiftungszweck ist die Unterstützung der Tätigkeiten des Konsumentenforums kf.
