{"id":8195,"date":"2021-05-14T11:17:53","date_gmt":"2021-05-14T09:17:53","guid":{"rendered":"https:\/\/konsum.ch\/?page_id=8195"},"modified":"2024-10-30T15:01:53","modified_gmt":"2024-10-30T14:01:53","slug":"engagement","status":"publish","type":"page","link":"https:\/\/konsum.ch\/de\/engagement\/","title":{"rendered":"Engagement"},"content":{"rendered":"<h1>Engagement &#8211; hier sind wir dabei!<\/h1>\n<p>Das kf ist als Gespr\u00e4chs- und Verhandlungspartner anerkannt und gesch\u00e4tzt. Dies manifestiert sich in unz\u00e4hligen Einladungen und Anfragen. Stets f\u00fcr das kf f\u00fcr Sie unterwegs: unsere Beir\u00e4te und Mitarbeiter engagieren sich in \u00fcber f\u00fcnfzig Gremien daf\u00fcr, dass liberale Konsumentenpolitik kein Lippenbekenntnis bleibt.<\/p>\n","protected":false},"excerpt":{"rendered":"<p>Engagement &#8211; hier sind wir dabei! Das kf ist als Gespr\u00e4chs- und Verhandlungspartner anerkannt und gesch\u00e4tzt. Dies manifestiert sich in unz\u00e4hligen Einladungen und Anfragen. Stets f\u00fcr das kf f\u00fcr Sie unterwegs: unsere Beir\u00e4te und Mitarbeiter engagieren sich in \u00fcber f\u00fcnfzig Gremien daf\u00fcr, dass liberale Konsumentenpolitik kein Lippenbekenntnis bleibt.<\/p>\n","protected":false},"author":5,"featured_media":0,"parent":0,"menu_order":0,"comment_status":"closed","ping_status":"closed","template":"","meta":{"_acf_changed":false,"footnotes":""},"class_list":["post-8195","page","type-page","status-publish","hentry"],"acf":[],"yoast_head":"<!-- This site is optimized with the Yoast SEO plugin v27.4 - https:\/\/yoast.com\/product\/yoast-seo-wordpress\/ -->\n<title>Engagement &#8211; Konsumentenforum<\/title>\n<meta name=\"robots\" content=\"index, follow, max-snippet:-1, max-image-preview:large, max-video-preview:-1\" \/>\n<link rel=\"canonical\" href=\"https:\/\/konsum.ch\/de\/engagement\/\" \/>\n<meta property=\"og:locale\" content=\"de_DE\" \/>\n<meta property=\"og:type\" content=\"article\" \/>\n<meta property=\"og:title\" content=\"Engagement &#8211; Konsumentenforum\" \/>\n<meta property=\"og:description\" content=\"Engagement &#8211; hier sind wir dabei! Das kf ist als Gespr\u00e4chs- und Verhandlungspartner anerkannt und gesch\u00e4tzt. Dies manifestiert sich in unz\u00e4hligen Einladungen und Anfragen. Stets f\u00fcr das kf f\u00fcr Sie unterwegs: unsere Beir\u00e4te und Mitarbeiter engagieren sich in \u00fcber f\u00fcnfzig Gremien daf\u00fcr, dass liberale Konsumentenpolitik kein Lippenbekenntnis bleibt.\" \/>\n<meta property=\"og:url\" content=\"https:\/\/konsum.ch\/de\/engagement\/\" \/>\n<meta property=\"og:site_name\" content=\"Konsumentenforum\" \/>\n<meta property=\"article:modified_time\" content=\"2024-10-30T14:01:53+00:00\" \/>\n<meta name=\"twitter:card\" content=\"summary_large_image\" \/>\n<meta name=\"twitter:label1\" content=\"Gesch\u00e4tzte Lesezeit\" \/>\n\t<meta name=\"twitter:data1\" content=\"1\u00a0Minute\" \/>\n<script type=\"application\/ld+json\" class=\"yoast-schema-graph\">{\"@context\":\"https:\\\/\\\/schema.org\",\"@graph\":[{\"@type\":\"WebPage\",\"@id\":\"https:\\\/\\\/konsum.ch\\\/de\\\/engagement\\\/\",\"url\":\"https:\\\/\\\/konsum.ch\\\/de\\\/engagement\\\/\",\"name\":\"Engagement &#8211; Konsumentenforum\",\"isPartOf\":{\"@id\":\"https:\\\/\\\/konsum.ch\\\/de\\\/#website\"},\"datePublished\":\"2021-05-14T09:17:53+00:00\",\"dateModified\":\"2024-10-30T14:01:53+00:00\",\"breadcrumb\":{\"@id\":\"https:\\\/\\\/konsum.ch\\\/de\\\/engagement\\\/#breadcrumb\"},\"inLanguage\":\"de\",\"potentialAction\":[{\"@type\":\"ReadAction\",\"target\":[\"https:\\\/\\\/konsum.ch\\\/de\\\/engagement\\\/\"]}]},{\"@type\":\"BreadcrumbList\",\"@id\":\"https:\\\/\\\/konsum.ch\\\/de\\\/engagement\\\/#breadcrumb\",\"itemListElement\":[{\"@type\":\"ListItem\",\"position\":1,\"name\":\"Startseite\",\"item\":\"https:\\\/\\\/konsum.ch\\\/de\\\/\"},{\"@type\":\"ListItem\",\"position\":2,\"name\":\"Engagement\"}]},{\"@type\":\"WebSite\",\"@id\":\"https:\\\/\\\/konsum.ch\\\/de\\\/#website\",\"url\":\"https:\\\/\\\/konsum.ch\\\/de\\\/\",\"name\":\"Konsumentenforum\",\"description\":\"\",\"publisher\":{\"@id\":\"https:\\\/\\\/konsum.ch\\\/de\\\/#organization\"},\"potentialAction\":[{\"@type\":\"SearchAction\",\"target\":{\"@type\":\"EntryPoint\",\"urlTemplate\":\"https:\\\/\\\/konsum.ch\\\/de\\\/?s={search_term_string}\"},\"query-input\":{\"@type\":\"PropertyValueSpecification\",\"valueRequired\":true,\"valueName\":\"search_term_string\"}}],\"inLanguage\":\"de\"},{\"@type\":\"Organization\",\"@id\":\"https:\\\/\\\/konsum.ch\\\/de\\\/#organization\",\"name\":\"Konsumentenforum kf\",\"url\":\"https:\\\/\\\/konsum.ch\\\/de\\\/\",\"logo\":{\"@type\":\"ImageObject\",\"inLanguage\":\"de\",\"@id\":\"https:\\\/\\\/konsum.ch\\\/de\\\/#\\\/schema\\\/logo\\\/image\\\/\",\"url\":\"https:\\\/\\\/konsum.ch\\\/wp-content\\\/uploads\\\/2021\\\/04\\\/kf-Logo-NEU-ohneText-01.png\",\"contentUrl\":\"https:\\\/\\\/konsum.ch\\\/wp-content\\\/uploads\\\/2021\\\/04\\\/kf-Logo-NEU-ohneText-01.png\",\"width\":1477,\"height\":1477,\"caption\":\"Konsumentenforum kf\"},\"image\":{\"@id\":\"https:\\\/\\\/konsum.ch\\\/de\\\/#\\\/schema\\\/logo\\\/image\\\/\"}}]}<\/script>\n<!-- \/ Yoast SEO plugin. -->","yoast_head_json":{"title":"Engagement &#8211; Konsumentenforum","robots":{"index":"index","follow":"follow","max-snippet":"max-snippet:-1","max-image-preview":"max-image-preview:large","max-video-preview":"max-video-preview:-1"},"canonical":"https:\/\/konsum.ch\/de\/engagement\/","og_locale":"de_DE","og_type":"article","og_title":"Engagement &#8211; Konsumentenforum","og_description":"Engagement &#8211; hier sind wir dabei! Das kf ist als Gespr\u00e4chs- und Verhandlungspartner anerkannt und gesch\u00e4tzt. Dies manifestiert sich in unz\u00e4hligen Einladungen und Anfragen. Stets f\u00fcr das kf f\u00fcr Sie unterwegs: unsere Beir\u00e4te und Mitarbeiter engagieren sich in \u00fcber f\u00fcnfzig Gremien daf\u00fcr, dass liberale Konsumentenpolitik kein Lippenbekenntnis bleibt.","og_url":"https:\/\/konsum.ch\/de\/engagement\/","og_site_name":"Konsumentenforum","article_modified_time":"2024-10-30T14:01:53+00:00","twitter_card":"summary_large_image","twitter_misc":{"Gesch\u00e4tzte Lesezeit":"1\u00a0Minute"},"schema":{"@context":"https:\/\/schema.org","@graph":[{"@type":"WebPage","@id":"https:\/\/konsum.ch\/de\/engagement\/","url":"https:\/\/konsum.ch\/de\/engagement\/","name":"Engagement &#8211; Konsumentenforum","isPartOf":{"@id":"https:\/\/konsum.ch\/de\/#website"},"datePublished":"2021-05-14T09:17:53+00:00","dateModified":"2024-10-30T14:01:53+00:00","breadcrumb":{"@id":"https:\/\/konsum.ch\/de\/engagement\/#breadcrumb"},"inLanguage":"de","potentialAction":[{"@type":"ReadAction","target":["https:\/\/konsum.ch\/de\/engagement\/"]}]},{"@type":"BreadcrumbList","@id":"https:\/\/konsum.ch\/de\/engagement\/#breadcrumb","itemListElement":[{"@type":"ListItem","position":1,"name":"Startseite","item":"https:\/\/konsum.ch\/de\/"},{"@type":"ListItem","position":2,"name":"Engagement"}]},{"@type":"WebSite","@id":"https:\/\/konsum.ch\/de\/#website","url":"https:\/\/konsum.ch\/de\/","name":"Konsumentenforum","description":"","publisher":{"@id":"https:\/\/konsum.ch\/de\/#organization"},"potentialAction":[{"@type":"SearchAction","target":{"@type":"EntryPoint","urlTemplate":"https:\/\/konsum.ch\/de\/?s={search_term_string}"},"query-input":{"@type":"PropertyValueSpecification","valueRequired":true,"valueName":"search_term_string"}}],"inLanguage":"de"},{"@type":"Organization","@id":"https:\/\/konsum.ch\/de\/#organization","name":"Konsumentenforum kf","url":"https:\/\/konsum.ch\/de\/","logo":{"@type":"ImageObject","inLanguage":"de","@id":"https:\/\/konsum.ch\/de\/#\/schema\/logo\/image\/","url":"https:\/\/konsum.ch\/wp-content\/uploads\/2021\/04\/kf-Logo-NEU-ohneText-01.png","contentUrl":"https:\/\/konsum.ch\/wp-content\/uploads\/2021\/04\/kf-Logo-NEU-ohneText-01.png","width":1477,"height":1477,"caption":"Konsumentenforum kf"},"image":{"@id":"https:\/\/konsum.ch\/de\/#\/schema\/logo\/image\/"}}]}},"_links":{"self":[{"href":"https:\/\/konsum.ch\/de\/wp-json\/wp\/v2\/pages\/8195","targetHints":{"allow":["GET"]}}],"collection":[{"href":"https:\/\/konsum.ch\/de\/wp-json\/wp\/v2\/pages"}],"about":[{"href":"https:\/\/konsum.ch\/de\/wp-json\/wp\/v2\/types\/page"}],"author":[{"embeddable":true,"href":"https:\/\/konsum.ch\/de\/wp-json\/wp\/v2\/users\/5"}],"replies":[{"embeddable":true,"href":"https:\/\/konsum.ch\/de\/wp-json\/wp\/v2\/comments?post=8195"}],"version-history":[{"count":17,"href":"https:\/\/konsum.ch\/de\/wp-json\/wp\/v2\/pages\/8195\/revisions"}],"predecessor-version":[{"id":116106,"href":"https:\/\/konsum.ch\/de\/wp-json\/wp\/v2\/pages\/8195\/revisions\/116106"}],"wp:attachment":[{"href":"https:\/\/konsum.ch\/de\/wp-json\/wp\/v2\/media?parent=8195"}],"curies":[{"name":"wp","href":"https:\/\/api.w.org\/{rel}","templated":true}]}}

<h1>Engagement &#8211; hier sind wir dabei!</h1>
<p>Das kf ist als Gesprächs- und Verhandlungspartner anerkannt und geschätzt. Dies manifestiert sich in unzähligen Einladungen und Anfragen. Stets für das kf für Sie unterwegs: unsere Beiräte und Mitarbeiter engagieren sich in über fünfzig Gremien dafür, dass liberale Konsumentenpolitik kein Lippenbekenntnis bleibt.</p>

<p>Engagement &#8211; hier sind wir dabei! Das kf ist als Gesprächs- und Verhandlungspartner anerkannt und geschätzt. Dies manifestiert sich in unzähligen Einladungen und Anfragen. Stets für das kf für Sie unterwegs: unsere Beiräte und Mitarbeiter engagieren sich in über fünfzig Gremien dafür, dass liberale Konsumentenpolitik kein Lippenbekenntnis bleibt.</p>

<!-- This site is optimized with the Yoast SEO plugin v27.4 - https://yoast.com/product/yoast-seo-wordpress/ -->
<title>Engagement &#8211; Konsumentenforum</title>
<meta name="robots" content="index, follow, max-snippet:-1, max-image-preview:large, max-video-preview:-1" />
<link rel="canonical" href="https://konsum.ch/de/engagement/" />
<meta property="og:locale" content="de_DE" />
<meta property="og:type" content="article" />
<meta property="og:title" content="Engagement &#8211; Konsumentenforum" />
<meta property="og:description" content="Engagement &#8211; hier sind wir dabei! Das kf ist als Gesprächs- und Verhandlungspartner anerkannt und geschätzt. Dies manifestiert sich in unzähligen Einladungen und Anfragen. Stets für das kf für Sie unterwegs: unsere Beiräte und Mitarbeiter engagieren sich in über fünfzig Gremien dafür, dass liberale Konsumentenpolitik kein Lippenbekenntnis bleibt." />
<meta property="og:url" content="https://konsum.ch/de/engagement/" />
<meta property="og:site_name" content="Konsumentenforum" />
<meta property="article:modified_time" content="2024-10-30T14:01:53+00:00" />
<meta name="twitter:card" content="summary_large_image" />
<meta name="twitter:label1" content="Geschätzte Lesezeit" />
	<meta name="twitter:data1" content="1 Minute" />
<script type="application/ld+json" class="yoast-schema-graph">{"@context":"https:\/\/schema.org","@graph":[{"@type":"WebPage","@id":"https:\/\/konsum.ch\/de\/engagement\/","url":"https:\/\/konsum.ch\/de\/engagement\/","name":"Engagement &#8211; Konsumentenforum","isPartOf":{"@id":"https:\/\/konsum.ch\/de\/#website"},"datePublished":"2021-05-14T09:17:53+00:00","dateModified":"2024-10-30T14:01:53+00:00","breadcrumb":{"@id":"https:\/\/konsum.ch\/de\/engagement\/#breadcrumb"},"inLanguage":"de","potentialAction":[{"@type":"ReadAction","target":["https:\/\/konsum.ch\/de\/engagement\/"]}]},{"@type":"BreadcrumbList","@id":"https:\/\/konsum.ch\/de\/engagement\/#breadcrumb","itemListElement":[{"@type":"ListItem","position":1,"name":"Startseite","item":"https:\/\/konsum.ch\/de\/"},{"@type":"ListItem","position":2,"name":"Engagement"}]},{"@type":"WebSite","@id":"https:\/\/konsum.ch\/de\/#website","url":"https:\/\/konsum.ch\/de\/","name":"Konsumentenforum","description":"","publisher":{"@id":"https:\/\/konsum.ch\/de\/#organization"},"potentialAction":[{"@type":"SearchAction","target":{"@type":"EntryPoint","urlTemplate":"https:\/\/konsum.ch\/de\/?s={search_term_string}"},"query-input":{"@type":"PropertyValueSpecification","valueRequired":true,"valueName":"search_term_string"}}],"inLanguage":"de"},{"@type":"Organization","@id":"https:\/\/konsum.ch\/de\/#organization","name":"Konsumentenforum kf","url":"https:\/\/konsum.ch\/de\/","logo":{"@type":"ImageObject","inLanguage":"de","@id":"https:\/\/konsum.ch\/de\/#\/schema\/logo\/image\/","url":"https:\/\/konsum.ch\/wp-content\/uploads\/2021\/04\/kf-Logo-NEU-ohneText-01.png","contentUrl":"https:\/\/konsum.ch\/wp-content\/uploads\/2021\/04\/kf-Logo-NEU-ohneText-01.png","width":1477,"height":1477,"caption":"Konsumentenforum kf"},"image":{"@id":"https:\/\/konsum.ch\/de\/#\/schema\/logo\/image\/"}}]}</script>
<!-- / Yoast SEO plugin. -->

Engagement &#8211; hier sind wir dabei! Das kf ist als Gesprächs- und Verhandlungspartner anerkannt und geschätzt. Dies manifestiert sich in unzähligen Einladungen und Anfragen. Stets für das kf für Sie unterwegs: unsere Beiräte und Mitarbeiter engagieren sich in über fünfzig Gremien dafür, dass liberale Konsumentenpolitik kein Lippenbekenntnis bleibt.
