{"id":12278,"date":"2021-12-08T10:56:23","date_gmt":"2021-12-08T09:56:23","guid":{"rendered":"https:\/\/konsum.ch\/?page_id=12278"},"modified":"2021-12-13T14:48:35","modified_gmt":"2021-12-13T13:48:35","slug":"60-jahre-kf","status":"publish","type":"page","link":"https:\/\/konsum.ch\/de\/60-jahre-kf\/","title":{"rendered":"60 Jahre kf"},"content":{"rendered":"<h1>60 Jahre Schweizerisches Konsumentenforum kf<\/h1>\n<p>Das Schweizerische Konsumentenforum kf feierte am 1. Dezember sein 60-j\u00e4hriges Bestehen. Der Vorstand und die Gesch\u00e4ftsstelle feierten mit 60 G\u00e4sten ein fulminantes und \u00fcberraschendes Fest. Nebst den Sponsoren, ohne die die Feier nicht m\u00f6glich gewesen w\u00e4re (bitte nach unten scrollen), trugen sie alle zum Erfolg bei:<\/p>\n<p>Bundespr\u00e4sident Guy Parmelin \u2013 Grusswort; Ursula Brenca \u2013 Dekoration; Grimo Knobel \u2013 Chef de Service; Christina Suarez \u2013 Garderobe; Livia und Elio \u2013 Musik; Seel\u00e4nder B\u00e4uerinnen und Landfrauen \u2013 Apero riche; Lauren Wildbolz \u2013 veganer Apero und Referat; Jennifer Moos von Ragaz Catering \u2013 Betreuung vor Ort; Lucas Juli\u00e1-Waldow \u2013 Fotografie; Urte Scholz \u2013 Referat; Monika Weber \u2013 Referat; Muriel, Susanne, Liliane, Delia, Carmela, Barbara, Carl-Philipp, Dominique und Matthias \u2013 Vorstand, Mitarbeiterinnen und Mitarbeiter sowie Konsumhelden \u2013 Service und Betreuung der G\u00e4ste sowie der Pr\u00e4sidentin.<\/p>\n","protected":false},"excerpt":{"rendered":"<p>60 Jahre Schweizerisches Konsumentenforum kf Das Schweizerische Konsumentenforum kf feierte am 1. Dezember sein 60-j\u00e4hriges Bestehen. Der Vorstand und die Gesch\u00e4ftsstelle feierten mit 60 G\u00e4sten ein fulminantes und \u00fcberraschendes Fest. Nebst den Sponsoren, ohne die die Feier nicht m\u00f6glich gewesen w\u00e4re (bitte nach unten scrollen), trugen sie alle zum Erfolg bei: Bundespr\u00e4sident Guy Parmelin \u2013 [&hellip;]<\/p>\n","protected":false},"author":15,"featured_media":0,"parent":0,"menu_order":0,"comment_status":"closed","ping_status":"closed","template":"","meta":{"_acf_changed":false,"footnotes":""},"class_list":["post-12278","page","type-page","status-publish","hentry"],"acf":[],"yoast_head":"<!-- This site is optimized with the Yoast SEO plugin v27.4 - https:\/\/yoast.com\/product\/yoast-seo-wordpress\/ -->\n<title>60 Jahre kf &#8211; Konsumentenforum<\/title>\n<meta name=\"robots\" content=\"index, follow, max-snippet:-1, max-image-preview:large, max-video-preview:-1\" \/>\n<link rel=\"canonical\" href=\"https:\/\/konsum.ch\/de\/60-jahre-kf\/\" \/>\n<meta property=\"og:locale\" content=\"de_DE\" \/>\n<meta property=\"og:type\" content=\"article\" \/>\n<meta property=\"og:title\" content=\"60 Jahre kf &#8211; Konsumentenforum\" \/>\n<meta property=\"og:description\" content=\"60 Jahre Schweizerisches Konsumentenforum kf Das Schweizerische Konsumentenforum kf feierte am 1. Dezember sein 60-j\u00e4hriges Bestehen. Der Vorstand und die Gesch\u00e4ftsstelle feierten mit 60 G\u00e4sten ein fulminantes und \u00fcberraschendes Fest. Nebst den Sponsoren, ohne die die Feier nicht m\u00f6glich gewesen w\u00e4re (bitte nach unten scrollen), trugen sie alle zum Erfolg bei: Bundespr\u00e4sident Guy Parmelin \u2013 [&hellip;]\" \/>\n<meta property=\"og:url\" content=\"https:\/\/konsum.ch\/de\/60-jahre-kf\/\" \/>\n<meta property=\"og:site_name\" content=\"Konsumentenforum\" \/>\n<meta property=\"article:modified_time\" content=\"2021-12-13T13:48:35+00:00\" \/>\n<meta name=\"twitter:card\" content=\"summary_large_image\" \/>\n<meta name=\"twitter:label1\" content=\"Gesch\u00e4tzte Lesezeit\" \/>\n\t<meta name=\"twitter:data1\" content=\"1\u00a0Minute\" \/>\n<script type=\"application\/ld+json\" class=\"yoast-schema-graph\">{\"@context\":\"https:\\\/\\\/schema.org\",\"@graph\":[{\"@type\":\"WebPage\",\"@id\":\"https:\\\/\\\/konsum.ch\\\/de\\\/60-jahre-kf\\\/\",\"url\":\"https:\\\/\\\/konsum.ch\\\/de\\\/60-jahre-kf\\\/\",\"name\":\"60 Jahre kf &#8211; Konsumentenforum\",\"isPartOf\":{\"@id\":\"https:\\\/\\\/konsum.ch\\\/de\\\/#website\"},\"datePublished\":\"2021-12-08T09:56:23+00:00\",\"dateModified\":\"2021-12-13T13:48:35+00:00\",\"breadcrumb\":{\"@id\":\"https:\\\/\\\/konsum.ch\\\/de\\\/60-jahre-kf\\\/#breadcrumb\"},\"inLanguage\":\"de\",\"potentialAction\":[{\"@type\":\"ReadAction\",\"target\":[\"https:\\\/\\\/konsum.ch\\\/de\\\/60-jahre-kf\\\/\"]}]},{\"@type\":\"BreadcrumbList\",\"@id\":\"https:\\\/\\\/konsum.ch\\\/de\\\/60-jahre-kf\\\/#breadcrumb\",\"itemListElement\":[{\"@type\":\"ListItem\",\"position\":1,\"name\":\"Startseite\",\"item\":\"https:\\\/\\\/konsum.ch\\\/de\\\/\"},{\"@type\":\"ListItem\",\"position\":2,\"name\":\"60 Jahre kf\"}]},{\"@type\":\"WebSite\",\"@id\":\"https:\\\/\\\/konsum.ch\\\/de\\\/#website\",\"url\":\"https:\\\/\\\/konsum.ch\\\/de\\\/\",\"name\":\"Konsumentenforum\",\"description\":\"\",\"publisher\":{\"@id\":\"https:\\\/\\\/konsum.ch\\\/de\\\/#organization\"},\"potentialAction\":[{\"@type\":\"SearchAction\",\"target\":{\"@type\":\"EntryPoint\",\"urlTemplate\":\"https:\\\/\\\/konsum.ch\\\/de\\\/?s={search_term_string}\"},\"query-input\":{\"@type\":\"PropertyValueSpecification\",\"valueRequired\":true,\"valueName\":\"search_term_string\"}}],\"inLanguage\":\"de\"},{\"@type\":\"Organization\",\"@id\":\"https:\\\/\\\/konsum.ch\\\/de\\\/#organization\",\"name\":\"Konsumentenforum kf\",\"url\":\"https:\\\/\\\/konsum.ch\\\/de\\\/\",\"logo\":{\"@type\":\"ImageObject\",\"inLanguage\":\"de\",\"@id\":\"https:\\\/\\\/konsum.ch\\\/de\\\/#\\\/schema\\\/logo\\\/image\\\/\",\"url\":\"https:\\\/\\\/konsum.ch\\\/wp-content\\\/uploads\\\/2021\\\/04\\\/kf-Logo-NEU-ohneText-01.png\",\"contentUrl\":\"https:\\\/\\\/konsum.ch\\\/wp-content\\\/uploads\\\/2021\\\/04\\\/kf-Logo-NEU-ohneText-01.png\",\"width\":1477,\"height\":1477,\"caption\":\"Konsumentenforum kf\"},\"image\":{\"@id\":\"https:\\\/\\\/konsum.ch\\\/de\\\/#\\\/schema\\\/logo\\\/image\\\/\"}}]}<\/script>\n<!-- \/ Yoast SEO plugin. -->","yoast_head_json":{"title":"60 Jahre kf &#8211; Konsumentenforum","robots":{"index":"index","follow":"follow","max-snippet":"max-snippet:-1","max-image-preview":"max-image-preview:large","max-video-preview":"max-video-preview:-1"},"canonical":"https:\/\/konsum.ch\/de\/60-jahre-kf\/","og_locale":"de_DE","og_type":"article","og_title":"60 Jahre kf &#8211; Konsumentenforum","og_description":"60 Jahre Schweizerisches Konsumentenforum kf Das Schweizerische Konsumentenforum kf feierte am 1. Dezember sein 60-j\u00e4hriges Bestehen. Der Vorstand und die Gesch\u00e4ftsstelle feierten mit 60 G\u00e4sten ein fulminantes und \u00fcberraschendes Fest. Nebst den Sponsoren, ohne die die Feier nicht m\u00f6glich gewesen w\u00e4re (bitte nach unten scrollen), trugen sie alle zum Erfolg bei: Bundespr\u00e4sident Guy Parmelin \u2013 [&hellip;]","og_url":"https:\/\/konsum.ch\/de\/60-jahre-kf\/","og_site_name":"Konsumentenforum","article_modified_time":"2021-12-13T13:48:35+00:00","twitter_card":"summary_large_image","twitter_misc":{"Gesch\u00e4tzte Lesezeit":"1\u00a0Minute"},"schema":{"@context":"https:\/\/schema.org","@graph":[{"@type":"WebPage","@id":"https:\/\/konsum.ch\/de\/60-jahre-kf\/","url":"https:\/\/konsum.ch\/de\/60-jahre-kf\/","name":"60 Jahre kf &#8211; Konsumentenforum","isPartOf":{"@id":"https:\/\/konsum.ch\/de\/#website"},"datePublished":"2021-12-08T09:56:23+00:00","dateModified":"2021-12-13T13:48:35+00:00","breadcrumb":{"@id":"https:\/\/konsum.ch\/de\/60-jahre-kf\/#breadcrumb"},"inLanguage":"de","potentialAction":[{"@type":"ReadAction","target":["https:\/\/konsum.ch\/de\/60-jahre-kf\/"]}]},{"@type":"BreadcrumbList","@id":"https:\/\/konsum.ch\/de\/60-jahre-kf\/#breadcrumb","itemListElement":[{"@type":"ListItem","position":1,"name":"Startseite","item":"https:\/\/konsum.ch\/de\/"},{"@type":"ListItem","position":2,"name":"60 Jahre kf"}]},{"@type":"WebSite","@id":"https:\/\/konsum.ch\/de\/#website","url":"https:\/\/konsum.ch\/de\/","name":"Konsumentenforum","description":"","publisher":{"@id":"https:\/\/konsum.ch\/de\/#organization"},"potentialAction":[{"@type":"SearchAction","target":{"@type":"EntryPoint","urlTemplate":"https:\/\/konsum.ch\/de\/?s={search_term_string}"},"query-input":{"@type":"PropertyValueSpecification","valueRequired":true,"valueName":"search_term_string"}}],"inLanguage":"de"},{"@type":"Organization","@id":"https:\/\/konsum.ch\/de\/#organization","name":"Konsumentenforum kf","url":"https:\/\/konsum.ch\/de\/","logo":{"@type":"ImageObject","inLanguage":"de","@id":"https:\/\/konsum.ch\/de\/#\/schema\/logo\/image\/","url":"https:\/\/konsum.ch\/wp-content\/uploads\/2021\/04\/kf-Logo-NEU-ohneText-01.png","contentUrl":"https:\/\/konsum.ch\/wp-content\/uploads\/2021\/04\/kf-Logo-NEU-ohneText-01.png","width":1477,"height":1477,"caption":"Konsumentenforum kf"},"image":{"@id":"https:\/\/konsum.ch\/de\/#\/schema\/logo\/image\/"}}]}},"_links":{"self":[{"href":"https:\/\/konsum.ch\/de\/wp-json\/wp\/v2\/pages\/12278","targetHints":{"allow":["GET"]}}],"collection":[{"href":"https:\/\/konsum.ch\/de\/wp-json\/wp\/v2\/pages"}],"about":[{"href":"https:\/\/konsum.ch\/de\/wp-json\/wp\/v2\/types\/page"}],"author":[{"embeddable":true,"href":"https:\/\/konsum.ch\/de\/wp-json\/wp\/v2\/users\/15"}],"replies":[{"embeddable":true,"href":"https:\/\/konsum.ch\/de\/wp-json\/wp\/v2\/comments?post=12278"}],"version-history":[{"count":40,"href":"https:\/\/konsum.ch\/de\/wp-json\/wp\/v2\/pages\/12278\/revisions"}],"predecessor-version":[{"id":13185,"href":"https:\/\/konsum.ch\/de\/wp-json\/wp\/v2\/pages\/12278\/revisions\/13185"}],"wp:attachment":[{"href":"https:\/\/konsum.ch\/de\/wp-json\/wp\/v2\/media?parent=12278"}],"curies":[{"name":"wp","href":"https:\/\/api.w.org\/{rel}","templated":true}]}}

<h1>60 Jahre Schweizerisches Konsumentenforum kf</h1>
<p>Das Schweizerische Konsumentenforum kf feierte am 1. Dezember sein 60-jähriges Bestehen. Der Vorstand und die Geschäftsstelle feierten mit 60 Gästen ein fulminantes und überraschendes Fest. Nebst den Sponsoren, ohne die die Feier nicht möglich gewesen wäre (bitte nach unten scrollen), trugen sie alle zum Erfolg bei:</p>
<p>Bundespräsident Guy Parmelin – Grusswort; Ursula Brenca – Dekoration; Grimo Knobel – Chef de Service; Christina Suarez – Garderobe; Livia und Elio – Musik; Seeländer Bäuerinnen und Landfrauen – Apero riche; Lauren Wildbolz – veganer Apero und Referat; Jennifer Moos von Ragaz Catering – Betreuung vor Ort; Lucas Juliá-Waldow – Fotografie; Urte Scholz – Referat; Monika Weber – Referat; Muriel, Susanne, Liliane, Delia, Carmela, Barbara, Carl-Philipp, Dominique und Matthias – Vorstand, Mitarbeiterinnen und Mitarbeiter sowie Konsumhelden – Service und Betreuung der Gäste sowie der Präsidentin.</p>

<p>60 Jahre Schweizerisches Konsumentenforum kf Das Schweizerische Konsumentenforum kf feierte am 1. Dezember sein 60-jähriges Bestehen. Der Vorstand und die Geschäftsstelle feierten mit 60 Gästen ein fulminantes und überraschendes Fest. Nebst den Sponsoren, ohne die die Feier nicht möglich gewesen wäre (bitte nach unten scrollen), trugen sie alle zum Erfolg bei: Bundespräsident Guy Parmelin – [&hellip;]</p>

<!-- This site is optimized with the Yoast SEO plugin v27.4 - https://yoast.com/product/yoast-seo-wordpress/ -->
<title>60 Jahre kf &#8211; Konsumentenforum</title>
<meta name="robots" content="index, follow, max-snippet:-1, max-image-preview:large, max-video-preview:-1" />
<link rel="canonical" href="https://konsum.ch/de/60-jahre-kf/" />
<meta property="og:locale" content="de_DE" />
<meta property="og:type" content="article" />
<meta property="og:title" content="60 Jahre kf &#8211; Konsumentenforum" />
<meta property="og:description" content="60 Jahre Schweizerisches Konsumentenforum kf Das Schweizerische Konsumentenforum kf feierte am 1. Dezember sein 60-jähriges Bestehen. Der Vorstand und die Geschäftsstelle feierten mit 60 Gästen ein fulminantes und überraschendes Fest. Nebst den Sponsoren, ohne die die Feier nicht möglich gewesen wäre (bitte nach unten scrollen), trugen sie alle zum Erfolg bei: Bundespräsident Guy Parmelin – [&hellip;]" />
<meta property="og:url" content="https://konsum.ch/de/60-jahre-kf/" />
<meta property="og:site_name" content="Konsumentenforum" />
<meta property="article:modified_time" content="2021-12-13T13:48:35+00:00" />
<meta name="twitter:card" content="summary_large_image" />
<meta name="twitter:label1" content="Geschätzte Lesezeit" />
	<meta name="twitter:data1" content="1 Minute" />
<script type="application/ld+json" class="yoast-schema-graph">{"@context":"https:\/\/schema.org","@graph":[{"@type":"WebPage","@id":"https:\/\/konsum.ch\/de\/60-jahre-kf\/","url":"https:\/\/konsum.ch\/de\/60-jahre-kf\/","name":"60 Jahre kf &#8211; Konsumentenforum","isPartOf":{"@id":"https:\/\/konsum.ch\/de\/#website"},"datePublished":"2021-12-08T09:56:23+00:00","dateModified":"2021-12-13T13:48:35+00:00","breadcrumb":{"@id":"https:\/\/konsum.ch\/de\/60-jahre-kf\/#breadcrumb"},"inLanguage":"de","potentialAction":[{"@type":"ReadAction","target":["https:\/\/konsum.ch\/de\/60-jahre-kf\/"]}]},{"@type":"BreadcrumbList","@id":"https:\/\/konsum.ch\/de\/60-jahre-kf\/#breadcrumb","itemListElement":[{"@type":"ListItem","position":1,"name":"Startseite","item":"https:\/\/konsum.ch\/de\/"},{"@type":"ListItem","position":2,"name":"60 Jahre kf"}]},{"@type":"WebSite","@id":"https:\/\/konsum.ch\/de\/#website","url":"https:\/\/konsum.ch\/de\/","name":"Konsumentenforum","description":"","publisher":{"@id":"https:\/\/konsum.ch\/de\/#organization"},"potentialAction":[{"@type":"SearchAction","target":{"@type":"EntryPoint","urlTemplate":"https:\/\/konsum.ch\/de\/?s={search_term_string}"},"query-input":{"@type":"PropertyValueSpecification","valueRequired":true,"valueName":"search_term_string"}}],"inLanguage":"de"},{"@type":"Organization","@id":"https:\/\/konsum.ch\/de\/#organization","name":"Konsumentenforum kf","url":"https:\/\/konsum.ch\/de\/","logo":{"@type":"ImageObject","inLanguage":"de","@id":"https:\/\/konsum.ch\/de\/#\/schema\/logo\/image\/","url":"https:\/\/konsum.ch\/wp-content\/uploads\/2021\/04\/kf-Logo-NEU-ohneText-01.png","contentUrl":"https:\/\/konsum.ch\/wp-content\/uploads\/2021\/04\/kf-Logo-NEU-ohneText-01.png","width":1477,"height":1477,"caption":"Konsumentenforum kf"},"image":{"@id":"https:\/\/konsum.ch\/de\/#\/schema\/logo\/image\/"}}]}</script>
<!-- / Yoast SEO plugin. -->

60 Jahre Schweizerisches Konsumentenforum kf Das Schweizerische Konsumentenforum kf feierte am 1. Dezember sein 60-jähriges Bestehen. Der Vorstand und die Geschäftsstelle feierten mit 60 Gästen ein fulminantes und überraschendes Fest. Nebst den Sponsoren, ohne die die Feier nicht möglich gewesen wäre (bitte nach unten scrollen), trugen sie alle zum Erfolg bei: Bundespräsident Guy Parmelin – [&hellip;]
