{"id":114012,"date":"2024-01-31T13:44:15","date_gmt":"2024-01-31T12:44:15","guid":{"rendered":"https:\/\/konsum.ch\/?page_id=114012"},"modified":"2025-10-23T13:11:14","modified_gmt":"2025-10-23T11:11:14","slug":"unabhaengige-anlaufstelle-re-max","status":"publish","type":"page","link":"https:\/\/konsum.ch\/de\/ombudsstellen\/unabhaengige-anlaufstelle-re-max\/","title":{"rendered":"Unabh\u00e4ngige Anlaufstelle RE\/MAX"},"content":{"rendered":"\n<div role=\"navigation\" aria-label=\"Sprachwechsler\" class=\"wpml-ls-statics-shortcode_actions wpml-ls wpml-ls-legacy-list-horizontal\">\n\t<ul><li class=\"wpml-ls-slot-shortcode_actions wpml-ls-item wpml-ls-item-de wpml-ls-current-language wpml-ls-first-item wpml-ls-item-legacy-list-horizontal\">\n\t\t\t\t<a href=\"https:\/\/konsum.ch\/de\/\" hreflang=\"de\" lang=\"de\" class=\"wpml-ls-link\" aria-current=\"page\" aria-label=\"Wechseln zu DE\" title=\"Wechseln zu DE\">\n\t\t\t\t\t                                    <img decoding=\"async\"\n            class=\"wpml-ls-flag\"\n            src=\"https:\/\/konsum.ch\/wp-content\/uploads\/flags\/schweiz.png\"\n            alt=\"\"\n            loading=\"lazy\"\n            width=18\n            height=12\n    \/><span class=\"wpml-ls-native\">DE<\/span><\/a>\n\t\t\t<\/li><li class=\"wpml-ls-slot-shortcode_actions wpml-ls-item wpml-ls-item-fr wpml-ls-item-legacy-list-horizontal\">\n\t\t\t\t<a href=\"https:\/\/konsum.ch\/fr\/\" hreflang=\"fr\" lang=\"fr\" class=\"wpml-ls-link\" aria-label=\"Wechseln zu FR\" title=\"Wechseln zu FR\">\n\t\t\t\t\t                                    <img decoding=\"async\"\n            class=\"wpml-ls-flag\"\n            src=\"https:\/\/konsum.ch\/wp-content\/plugins\/sitepress-multilingual-cms\/res\/flags\/fr.svg\"\n            alt=\"\"\n            loading=\"lazy\"\n            width=18\n            height=12\n    \/><span class=\"wpml-ls-native\">FR<\/span><\/a>\n\t\t\t<\/li><li class=\"wpml-ls-slot-shortcode_actions wpml-ls-item wpml-ls-item-it wpml-ls-item-legacy-list-horizontal\">\n\t\t\t\t<a href=\"https:\/\/konsum.ch\/it\/\" hreflang=\"it\" lang=\"it\" class=\"wpml-ls-link\" aria-label=\"Wechseln zu IT\" title=\"Wechseln zu IT\">\n\t\t\t\t\t                                    <img decoding=\"async\"\n            class=\"wpml-ls-flag\"\n            src=\"https:\/\/konsum.ch\/wp-content\/plugins\/sitepress-multilingual-cms\/res\/flags\/it.svg\"\n            alt=\"\"\n            loading=\"lazy\"\n            width=18\n            height=12\n    \/><span class=\"wpml-ls-native\">IT<\/span><\/a>\n\t\t\t<\/li><li class=\"wpml-ls-slot-shortcode_actions wpml-ls-item wpml-ls-item-en wpml-ls-last-item wpml-ls-item-legacy-list-horizontal\">\n\t\t\t\t<a href=\"https:\/\/konsum.ch\/en\/\" hreflang=\"en\" lang=\"en\" class=\"wpml-ls-link\" aria-label=\"Wechseln zu EN\" title=\"Wechseln zu EN\">\n\t\t\t\t\t                                    <img decoding=\"async\"\n            class=\"wpml-ls-flag\"\n            src=\"https:\/\/konsum.ch\/wp-content\/plugins\/sitepress-multilingual-cms\/res\/flags\/en.svg\"\n            alt=\"\"\n            loading=\"lazy\"\n            width=18\n            height=12\n    \/><span class=\"wpml-ls-native\">EN<\/span><\/a>\n\t\t\t<\/li><\/ul>\n<\/div>\n\n<h2><strong>Unabh\u00e4ngige Anlaufstelle RE\/MAX<\/strong><\/h2>\n<p>Die unabh\u00e4ngige Anlaufstelle RE\/MAX bietet eine neutrale Plattform zur L\u00f6sung von Beschwerden rund um alle Belange im Bereich der Immobilienvermittlung und der Lizenznehmerschaft von RE\/MAX. Als Vermittlerin zwischen den Parteien zielt unsere Stelle darauf ab, durch konstruktive Mediation den Bedarf f\u00fcr gerichtliche Schritte zu umgehen und eine faire L\u00f6sung f\u00fcr alle Beteiligten zu finden.<\/p>\n","protected":false},"excerpt":{"rendered":"<p>Unabh\u00e4ngige Anlaufstelle RE\/MAX Die unabh\u00e4ngige Anlaufstelle RE\/MAX bietet eine neutrale Plattform zur L\u00f6sung von Beschwerden rund um alle Belange im Bereich der Immobilienvermittlung und der Lizenznehmerschaft von RE\/MAX. Als Vermittlerin zwischen den Parteien zielt unsere Stelle darauf ab, durch konstruktive Mediation den Bedarf f\u00fcr gerichtliche Schritte zu umgehen und eine faire L\u00f6sung f\u00fcr alle Beteiligten [&hellip;]<\/p>\n","protected":false},"author":13,"featured_media":0,"parent":268,"menu_order":0,"comment_status":"closed","ping_status":"closed","template":"","meta":{"_acf_changed":false,"footnotes":""},"class_list":["post-114012","page","type-page","status-publish","hentry"],"acf":[],"yoast_head":"<!-- This site is optimized with the Yoast SEO plugin v27.4 - https:\/\/yoast.com\/product\/yoast-seo-wordpress\/ -->\n<title>Unabh\u00e4ngige Anlaufstelle RE\/MAX &#8211; Konsumentenforum<\/title>\n<meta name=\"robots\" content=\"index, follow, max-snippet:-1, max-image-preview:large, max-video-preview:-1\" \/>\n<link rel=\"canonical\" href=\"https:\/\/konsum.ch\/de\/ombudsstellen\/unabhaengige-anlaufstelle-re-max\/\" \/>\n<meta property=\"og:locale\" content=\"de_DE\" \/>\n<meta property=\"og:type\" content=\"article\" \/>\n<meta property=\"og:title\" content=\"Unabh\u00e4ngige Anlaufstelle RE\/MAX &#8211; Konsumentenforum\" \/>\n<meta property=\"og:description\" content=\"Unabh\u00e4ngige Anlaufstelle RE\/MAX Die unabh\u00e4ngige Anlaufstelle RE\/MAX bietet eine neutrale Plattform zur L\u00f6sung von Beschwerden rund um alle Belange im Bereich der Immobilienvermittlung und der Lizenznehmerschaft von RE\/MAX. Als Vermittlerin zwischen den Parteien zielt unsere Stelle darauf ab, durch konstruktive Mediation den Bedarf f\u00fcr gerichtliche Schritte zu umgehen und eine faire L\u00f6sung f\u00fcr alle Beteiligten [&hellip;]\" \/>\n<meta property=\"og:url\" content=\"https:\/\/konsum.ch\/de\/ombudsstellen\/unabhaengige-anlaufstelle-re-max\/\" \/>\n<meta property=\"og:site_name\" content=\"Konsumentenforum\" \/>\n<meta property=\"article:modified_time\" content=\"2025-10-23T11:11:14+00:00\" \/>\n<meta name=\"twitter:card\" content=\"summary_large_image\" \/>\n<meta name=\"twitter:label1\" content=\"Gesch\u00e4tzte Lesezeit\" \/>\n\t<meta name=\"twitter:data1\" content=\"3\u00a0Minuten\" \/>\n<script type=\"application\/ld+json\" class=\"yoast-schema-graph\">{\"@context\":\"https:\\\/\\\/schema.org\",\"@graph\":[{\"@type\":\"WebPage\",\"@id\":\"https:\\\/\\\/konsum.ch\\\/de\\\/ombudsstellen\\\/unabhaengige-anlaufstelle-re-max\\\/\",\"url\":\"https:\\\/\\\/konsum.ch\\\/de\\\/ombudsstellen\\\/unabhaengige-anlaufstelle-re-max\\\/\",\"name\":\"Unabh\u00e4ngige Anlaufstelle RE\\\/MAX &#8211; Konsumentenforum\",\"isPartOf\":{\"@id\":\"https:\\\/\\\/konsum.ch\\\/de\\\/#website\"},\"datePublished\":\"2024-01-31T12:44:15+00:00\",\"dateModified\":\"2025-10-23T11:11:14+00:00\",\"breadcrumb\":{\"@id\":\"https:\\\/\\\/konsum.ch\\\/de\\\/ombudsstellen\\\/unabhaengige-anlaufstelle-re-max\\\/#breadcrumb\"},\"inLanguage\":\"de\",\"potentialAction\":[{\"@type\":\"ReadAction\",\"target\":[\"https:\\\/\\\/konsum.ch\\\/de\\\/ombudsstellen\\\/unabhaengige-anlaufstelle-re-max\\\/\"]}]},{\"@type\":\"BreadcrumbList\",\"@id\":\"https:\\\/\\\/konsum.ch\\\/de\\\/ombudsstellen\\\/unabhaengige-anlaufstelle-re-max\\\/#breadcrumb\",\"itemListElement\":[{\"@type\":\"ListItem\",\"position\":1,\"name\":\"Startseite\",\"item\":\"https:\\\/\\\/konsum.ch\\\/de\\\/\"},{\"@type\":\"ListItem\",\"position\":2,\"name\":\"Ombudstellen\\\/Ombudsman\",\"item\":\"https:\\\/\\\/konsum.ch\\\/de\\\/ombudsstellen\\\/\"},{\"@type\":\"ListItem\",\"position\":3,\"name\":\"Unabh\u00e4ngige Anlaufstelle RE\\\/MAX\"}]},{\"@type\":\"WebSite\",\"@id\":\"https:\\\/\\\/konsum.ch\\\/de\\\/#website\",\"url\":\"https:\\\/\\\/konsum.ch\\\/de\\\/\",\"name\":\"Konsumentenforum\",\"description\":\"\",\"publisher\":{\"@id\":\"https:\\\/\\\/konsum.ch\\\/de\\\/#organization\"},\"potentialAction\":[{\"@type\":\"SearchAction\",\"target\":{\"@type\":\"EntryPoint\",\"urlTemplate\":\"https:\\\/\\\/konsum.ch\\\/de\\\/?s={search_term_string}\"},\"query-input\":{\"@type\":\"PropertyValueSpecification\",\"valueRequired\":true,\"valueName\":\"search_term_string\"}}],\"inLanguage\":\"de\"},{\"@type\":\"Organization\",\"@id\":\"https:\\\/\\\/konsum.ch\\\/de\\\/#organization\",\"name\":\"Konsumentenforum kf\",\"url\":\"https:\\\/\\\/konsum.ch\\\/de\\\/\",\"logo\":{\"@type\":\"ImageObject\",\"inLanguage\":\"de\",\"@id\":\"https:\\\/\\\/konsum.ch\\\/de\\\/#\\\/schema\\\/logo\\\/image\\\/\",\"url\":\"https:\\\/\\\/konsum.ch\\\/wp-content\\\/uploads\\\/2021\\\/04\\\/kf-Logo-NEU-ohneText-01.png\",\"contentUrl\":\"https:\\\/\\\/konsum.ch\\\/wp-content\\\/uploads\\\/2021\\\/04\\\/kf-Logo-NEU-ohneText-01.png\",\"width\":1477,\"height\":1477,\"caption\":\"Konsumentenforum kf\"},\"image\":{\"@id\":\"https:\\\/\\\/konsum.ch\\\/de\\\/#\\\/schema\\\/logo\\\/image\\\/\"}}]}<\/script>\n<!-- \/ Yoast SEO plugin. -->","yoast_head_json":{"title":"Unabh\u00e4ngige Anlaufstelle RE\/MAX &#8211; Konsumentenforum","robots":{"index":"index","follow":"follow","max-snippet":"max-snippet:-1","max-image-preview":"max-image-preview:large","max-video-preview":"max-video-preview:-1"},"canonical":"https:\/\/konsum.ch\/de\/ombudsstellen\/unabhaengige-anlaufstelle-re-max\/","og_locale":"de_DE","og_type":"article","og_title":"Unabh\u00e4ngige Anlaufstelle RE\/MAX &#8211; Konsumentenforum","og_description":"Unabh\u00e4ngige Anlaufstelle RE\/MAX Die unabh\u00e4ngige Anlaufstelle RE\/MAX bietet eine neutrale Plattform zur L\u00f6sung von Beschwerden rund um alle Belange im Bereich der Immobilienvermittlung und der Lizenznehmerschaft von RE\/MAX. Als Vermittlerin zwischen den Parteien zielt unsere Stelle darauf ab, durch konstruktive Mediation den Bedarf f\u00fcr gerichtliche Schritte zu umgehen und eine faire L\u00f6sung f\u00fcr alle Beteiligten [&hellip;]","og_url":"https:\/\/konsum.ch\/de\/ombudsstellen\/unabhaengige-anlaufstelle-re-max\/","og_site_name":"Konsumentenforum","article_modified_time":"2025-10-23T11:11:14+00:00","twitter_card":"summary_large_image","twitter_misc":{"Gesch\u00e4tzte Lesezeit":"3\u00a0Minuten"},"schema":{"@context":"https:\/\/schema.org","@graph":[{"@type":"WebPage","@id":"https:\/\/konsum.ch\/de\/ombudsstellen\/unabhaengige-anlaufstelle-re-max\/","url":"https:\/\/konsum.ch\/de\/ombudsstellen\/unabhaengige-anlaufstelle-re-max\/","name":"Unabh\u00e4ngige Anlaufstelle RE\/MAX &#8211; Konsumentenforum","isPartOf":{"@id":"https:\/\/konsum.ch\/de\/#website"},"datePublished":"2024-01-31T12:44:15+00:00","dateModified":"2025-10-23T11:11:14+00:00","breadcrumb":{"@id":"https:\/\/konsum.ch\/de\/ombudsstellen\/unabhaengige-anlaufstelle-re-max\/#breadcrumb"},"inLanguage":"de","potentialAction":[{"@type":"ReadAction","target":["https:\/\/konsum.ch\/de\/ombudsstellen\/unabhaengige-anlaufstelle-re-max\/"]}]},{"@type":"BreadcrumbList","@id":"https:\/\/konsum.ch\/de\/ombudsstellen\/unabhaengige-anlaufstelle-re-max\/#breadcrumb","itemListElement":[{"@type":"ListItem","position":1,"name":"Startseite","item":"https:\/\/konsum.ch\/de\/"},{"@type":"ListItem","position":2,"name":"Ombudstellen\/Ombudsman","item":"https:\/\/konsum.ch\/de\/ombudsstellen\/"},{"@type":"ListItem","position":3,"name":"Unabh\u00e4ngige Anlaufstelle RE\/MAX"}]},{"@type":"WebSite","@id":"https:\/\/konsum.ch\/de\/#website","url":"https:\/\/konsum.ch\/de\/","name":"Konsumentenforum","description":"","publisher":{"@id":"https:\/\/konsum.ch\/de\/#organization"},"potentialAction":[{"@type":"SearchAction","target":{"@type":"EntryPoint","urlTemplate":"https:\/\/konsum.ch\/de\/?s={search_term_string}"},"query-input":{"@type":"PropertyValueSpecification","valueRequired":true,"valueName":"search_term_string"}}],"inLanguage":"de"},{"@type":"Organization","@id":"https:\/\/konsum.ch\/de\/#organization","name":"Konsumentenforum kf","url":"https:\/\/konsum.ch\/de\/","logo":{"@type":"ImageObject","inLanguage":"de","@id":"https:\/\/konsum.ch\/de\/#\/schema\/logo\/image\/","url":"https:\/\/konsum.ch\/wp-content\/uploads\/2021\/04\/kf-Logo-NEU-ohneText-01.png","contentUrl":"https:\/\/konsum.ch\/wp-content\/uploads\/2021\/04\/kf-Logo-NEU-ohneText-01.png","width":1477,"height":1477,"caption":"Konsumentenforum kf"},"image":{"@id":"https:\/\/konsum.ch\/de\/#\/schema\/logo\/image\/"}}]}},"_links":{"self":[{"href":"https:\/\/konsum.ch\/de\/wp-json\/wp\/v2\/pages\/114012","targetHints":{"allow":["GET"]}}],"collection":[{"href":"https:\/\/konsum.ch\/de\/wp-json\/wp\/v2\/pages"}],"about":[{"href":"https:\/\/konsum.ch\/de\/wp-json\/wp\/v2\/types\/page"}],"author":[{"embeddable":true,"href":"https:\/\/konsum.ch\/de\/wp-json\/wp\/v2\/users\/13"}],"replies":[{"embeddable":true,"href":"https:\/\/konsum.ch\/de\/wp-json\/wp\/v2\/comments?post=114012"}],"version-history":[{"count":29,"href":"https:\/\/konsum.ch\/de\/wp-json\/wp\/v2\/pages\/114012\/revisions"}],"predecessor-version":[{"id":141194,"href":"https:\/\/konsum.ch\/de\/wp-json\/wp\/v2\/pages\/114012\/revisions\/141194"}],"up":[{"embeddable":true,"href":"https:\/\/konsum.ch\/de\/wp-json\/wp\/v2\/pages\/268"}],"wp:attachment":[{"href":"https:\/\/konsum.ch\/de\/wp-json\/wp\/v2\/media?parent=114012"}],"curies":[{"name":"wp","href":"https:\/\/api.w.org\/{rel}","templated":true}]}}

Unabhängige Anlaufstelle RE/MAX

<div role="navigation" aria-label="Sprachwechsler" class="wpml-ls-statics-shortcode_actions wpml-ls wpml-ls-legacy-list-horizontal">
	<ul><li class="wpml-ls-slot-shortcode_actions wpml-ls-item wpml-ls-item-de wpml-ls-current-language wpml-ls-first-item wpml-ls-item-legacy-list-horizontal">
				<a href="https://konsum.ch/de/" hreflang="de" lang="de" class="wpml-ls-link" aria-current="page" aria-label="Wechseln zu DE" title="Wechseln zu DE">
					                                    <img decoding="async"
            class="wpml-ls-flag"
            src="https://konsum.ch/wp-content/uploads/flags/schweiz.png"
            alt=""
            loading="lazy"
            width=18
            height=12
    /><span class="wpml-ls-native">DE</span></a>
			</li><li class="wpml-ls-slot-shortcode_actions wpml-ls-item wpml-ls-item-fr wpml-ls-item-legacy-list-horizontal">
				<a href="https://konsum.ch/fr/" hreflang="fr" lang="fr" class="wpml-ls-link" aria-label="Wechseln zu FR" title="Wechseln zu FR">
					                                    <img decoding="async"
            class="wpml-ls-flag"
            src="https://konsum.ch/wp-content/plugins/sitepress-multilingual-cms/res/flags/fr.svg"
            alt=""
            loading="lazy"
            width=18
            height=12
    /><span class="wpml-ls-native">FR</span></a>
			</li><li class="wpml-ls-slot-shortcode_actions wpml-ls-item wpml-ls-item-it wpml-ls-item-legacy-list-horizontal">
				<a href="https://konsum.ch/it/" hreflang="it" lang="it" class="wpml-ls-link" aria-label="Wechseln zu IT" title="Wechseln zu IT">
					                                    <img decoding="async"
            class="wpml-ls-flag"
            src="https://konsum.ch/wp-content/plugins/sitepress-multilingual-cms/res/flags/it.svg"
            alt=""
            loading="lazy"
            width=18
            height=12
    /><span class="wpml-ls-native">IT</span></a>
			</li><li class="wpml-ls-slot-shortcode_actions wpml-ls-item wpml-ls-item-en wpml-ls-last-item wpml-ls-item-legacy-list-horizontal">
				<a href="https://konsum.ch/en/" hreflang="en" lang="en" class="wpml-ls-link" aria-label="Wechseln zu EN" title="Wechseln zu EN">
					                                    <img decoding="async"
            class="wpml-ls-flag"
            src="https://konsum.ch/wp-content/plugins/sitepress-multilingual-cms/res/flags/en.svg"
            alt=""
            loading="lazy"
            width=18
            height=12
    /><span class="wpml-ls-native">EN</span></a>
			</li></ul>
</div>

<h2><strong>Unabhängige Anlaufstelle RE/MAX</strong></h2>
<p>Die unabhängige Anlaufstelle RE/MAX bietet eine neutrale Plattform zur Lösung von Beschwerden rund um alle Belange im Bereich der Immobilienvermittlung und der Lizenznehmerschaft von RE/MAX. Als Vermittlerin zwischen den Parteien zielt unsere Stelle darauf ab, durch konstruktive Mediation den Bedarf für gerichtliche Schritte zu umgehen und eine faire Lösung für alle Beteiligten zu finden.</p>

<p>Unabhängige Anlaufstelle RE/MAX Die unabhängige Anlaufstelle RE/MAX bietet eine neutrale Plattform zur Lösung von Beschwerden rund um alle Belange im Bereich der Immobilienvermittlung und der Lizenznehmerschaft von RE/MAX. Als Vermittlerin zwischen den Parteien zielt unsere Stelle darauf ab, durch konstruktive Mediation den Bedarf für gerichtliche Schritte zu umgehen und eine faire Lösung für alle Beteiligten [&hellip;]</p>

<!-- This site is optimized with the Yoast SEO plugin v27.4 - https://yoast.com/product/yoast-seo-wordpress/ -->
<title>Unabhängige Anlaufstelle RE/MAX &#8211; Konsumentenforum</title>
<meta name="robots" content="index, follow, max-snippet:-1, max-image-preview:large, max-video-preview:-1" />
<link rel="canonical" href="https://konsum.ch/de/ombudsstellen/unabhaengige-anlaufstelle-re-max/" />
<meta property="og:locale" content="de_DE" />
<meta property="og:type" content="article" />
<meta property="og:title" content="Unabhängige Anlaufstelle RE/MAX &#8211; Konsumentenforum" />
<meta property="og:description" content="Unabhängige Anlaufstelle RE/MAX Die unabhängige Anlaufstelle RE/MAX bietet eine neutrale Plattform zur Lösung von Beschwerden rund um alle Belange im Bereich der Immobilienvermittlung und der Lizenznehmerschaft von RE/MAX. Als Vermittlerin zwischen den Parteien zielt unsere Stelle darauf ab, durch konstruktive Mediation den Bedarf für gerichtliche Schritte zu umgehen und eine faire Lösung für alle Beteiligten [&hellip;]" />
<meta property="og:url" content="https://konsum.ch/de/ombudsstellen/unabhaengige-anlaufstelle-re-max/" />
<meta property="og:site_name" content="Konsumentenforum" />
<meta property="article:modified_time" content="2025-10-23T11:11:14+00:00" />
<meta name="twitter:card" content="summary_large_image" />
<meta name="twitter:label1" content="Geschätzte Lesezeit" />
	<meta name="twitter:data1" content="3 Minuten" />
<script type="application/ld+json" class="yoast-schema-graph">{"@context":"https:\/\/schema.org","@graph":[{"@type":"WebPage","@id":"https:\/\/konsum.ch\/de\/ombudsstellen\/unabhaengige-anlaufstelle-re-max\/","url":"https:\/\/konsum.ch\/de\/ombudsstellen\/unabhaengige-anlaufstelle-re-max\/","name":"Unabhängige Anlaufstelle RE\/MAX &#8211; Konsumentenforum","isPartOf":{"@id":"https:\/\/konsum.ch\/de\/#website"},"datePublished":"2024-01-31T12:44:15+00:00","dateModified":"2025-10-23T11:11:14+00:00","breadcrumb":{"@id":"https:\/\/konsum.ch\/de\/ombudsstellen\/unabhaengige-anlaufstelle-re-max\/#breadcrumb"},"inLanguage":"de","potentialAction":[{"@type":"ReadAction","target":["https:\/\/konsum.ch\/de\/ombudsstellen\/unabhaengige-anlaufstelle-re-max\/"]}]},{"@type":"BreadcrumbList","@id":"https:\/\/konsum.ch\/de\/ombudsstellen\/unabhaengige-anlaufstelle-re-max\/#breadcrumb","itemListElement":[{"@type":"ListItem","position":1,"name":"Startseite","item":"https:\/\/konsum.ch\/de\/"},{"@type":"ListItem","position":2,"name":"Ombudstellen\/Ombudsman","item":"https:\/\/konsum.ch\/de\/ombudsstellen\/"},{"@type":"ListItem","position":3,"name":"Unabhängige Anlaufstelle RE\/MAX"}]},{"@type":"WebSite","@id":"https:\/\/konsum.ch\/de\/#website","url":"https:\/\/konsum.ch\/de\/","name":"Konsumentenforum","description":"","publisher":{"@id":"https:\/\/konsum.ch\/de\/#organization"},"potentialAction":[{"@type":"SearchAction","target":{"@type":"EntryPoint","urlTemplate":"https:\/\/konsum.ch\/de\/?s={search_term_string}"},"query-input":{"@type":"PropertyValueSpecification","valueRequired":true,"valueName":"search_term_string"}}],"inLanguage":"de"},{"@type":"Organization","@id":"https:\/\/konsum.ch\/de\/#organization","name":"Konsumentenforum kf","url":"https:\/\/konsum.ch\/de\/","logo":{"@type":"ImageObject","inLanguage":"de","@id":"https:\/\/konsum.ch\/de\/#\/schema\/logo\/image\/","url":"https:\/\/konsum.ch\/wp-content\/uploads\/2021\/04\/kf-Logo-NEU-ohneText-01.png","contentUrl":"https:\/\/konsum.ch\/wp-content\/uploads\/2021\/04\/kf-Logo-NEU-ohneText-01.png","width":1477,"height":1477,"caption":"Konsumentenforum kf"},"image":{"@id":"https:\/\/konsum.ch\/de\/#\/schema\/logo\/image\/"}}]}</script>
<!-- / Yoast SEO plugin. -->

Unabhängige Anlaufstelle RE/MAX &#8211; Konsumentenforum

Unabhängige Anlaufstelle RE/MAX Die unabhängige Anlaufstelle RE/MAX bietet eine neutrale Plattform zur Lösung von Beschwerden rund um alle Belange im Bereich der Immobilienvermittlung und der Lizenznehmerschaft von RE/MAX. Als Vermittlerin zwischen den Parteien zielt unsere Stelle darauf ab, durch konstruktive Mediation den Bedarf für gerichtliche Schritte zu umgehen und eine faire Lösung für alle Beteiligten [&hellip;]
